{"id":989,"date":"2015-06-30T21:14:54","date_gmt":"2015-06-30T19:14:54","guid":{"rendered":"http:\/\/festival-ismotscroises.fr\/?page_id=989"},"modified":"2016-11-13T16:56:37","modified_gmt":"2016-11-13T15:56:37","slug":"colleges","status":"publish","type":"page","link":"https:\/\/festival-ismotscroises.fr\/?page_id=989","title":{"rendered":"Coll\u00e8ges"},"content":{"rendered":"<div id=\"pl-989\"  class=\"panel-layout\" ><div id=\"pg-989-0\"  class=\"panel-grid panel-no-style\" ><div id=\"pgc-989-0-0\"  class=\"panel-grid-cell\" ><div id=\"panel-989-0-0-0\" class=\"so-panel widget widget_black-studio-tinymce widget_black_studio_tinymce panel-first-child\" data-index=\"0\" ><div class=\"textwidget\"><h3 style=\"text-align: justify;\"><strong><img loading=\"lazy\" decoding=\"async\" class=\"size-medium wp-image-2662 alignleft\" src=\"http:\/\/festival-ismotscroises.fr\/wp-content\/uploads\/2016\/11\/tableau_marqueurs_TdC-277x300.jpg\" alt=\"tableau_marqueurs_tdc\" width=\"277\" height=\"300\" srcset=\"https:\/\/festival-ismotscroises.fr\/wp-content\/uploads\/2016\/11\/tableau_marqueurs_TdC-277x300.jpg 277w, https:\/\/festival-ismotscroises.fr\/wp-content\/uploads\/2016\/11\/tableau_marqueurs_TdC-768x832.jpg 768w, https:\/\/festival-ismotscroises.fr\/wp-content\/uploads\/2016\/11\/tableau_marqueurs_TdC-946x1024.jpg 946w, https:\/\/festival-ismotscroises.fr\/wp-content\/uploads\/2016\/11\/tableau_marqueurs_TdC-600x650.jpg 600w, https:\/\/festival-ismotscroises.fr\/wp-content\/uploads\/2016\/11\/tableau_marqueurs_TdC.jpg 1000w\" sizes=\"auto, (max-width: 277px) 100vw, 277px\" \/>Inscription au Tournoi des coll\u00e8ges 2017<\/strong><\/h3>\n<p style=\"text-align: justify;\">Pour inscrire leur coll\u00e8ge, les professeurs, documentalistes ou chefs d'\u00e9tablissement peuvent remplir le formulaire ci-contre et l'envoyer avec la commande \"send\". On peut aussi imprimer le flyer du Tournoi et\u00a0 envoyer le talon-r\u00e9ponse par la Poste \u00e0 l'adresse indiqu\u00e9e.<\/p>\n<p style=\"text-align: justify;\">\u00a0&gt;&gt; <a href=\"http:\/\/festival-ismotscroises.fr\/wp-content\/uploads\/2016\/10\/TdC2017-FlyerA4_web.pdf\" target=\"_blank\"><strong>t\u00e9l\u00e9charger le flyer 2017<\/strong><\/a>.<\/p>\n<p style=\"text-align: justify;\">Les dates \u00e0 noter :<\/p>\n<p style=\"text-align: justify;\">\u2022 \u00c9preuve de qualification : le <strong>jeudi 16 f\u00e9vrier 2017<\/strong><br \/>\u2022 Date-limite pour les inscriptions : le vendredi 10 f\u00e9vrier<br \/>\u2022 Le Tournoi proprement dit aura lieu le<strong> samedi 20 mai<\/strong>, \u00e0 partir de 13h30, dans la salle des Capucins \u00e0 Is-sur-Tille<\/p>\n<p style=\"text-align: justify;\">\u00a0<\/p>\n<\/div><\/div><div id=\"panel-989-0-0-1\" class=\"so-panel widget widget_black-studio-tinymce widget_black_studio_tinymce panel-last-child\" data-index=\"1\" ><div class=\"textwidget\"><p><img loading=\"lazy\" decoding=\"async\" class=\"size-medium wp-image-742 alignleft\" src=\"http:\/\/festival-ismotscroises.fr\/wp-content\/uploads\/2015\/06\/MASCOTTE-300x264.png\" alt=\"MASCOTTE\" width=\"300\" height=\"264\" srcset=\"https:\/\/festival-ismotscroises.fr\/wp-content\/uploads\/2015\/06\/MASCOTTE-300x264.png 300w, https:\/\/festival-ismotscroises.fr\/wp-content\/uploads\/2015\/06\/MASCOTTE.png 535w\" sizes=\"auto, (max-width: 300px) 100vw, 300px\" \/><\/p>\n<\/div><\/div><\/div><div id=\"pgc-989-0-1\"  class=\"panel-grid-cell\" ><div id=\"panel-989-0-1-0\" class=\"so-panel widget widget_black-studio-tinymce widget_black_studio_tinymce panel-first-child panel-last-child\" data-index=\"2\" ><div class=\"textwidget\"><p>\r\n<!-- START JS for Form ID: 1315 -->\r\n<script type=\"text\/javascript\">\r\njQuery(document).ready(function($) {\r\n\r\n    jQuery(\"#preloader-jsybkh\").fadeOut(500, function() {\r\n        jQuery(\"#ecf-form-jsybkh\").fadeIn(300);\r\n    });\r\n\r\n    Ladda.bind('.ladda-button');\r\n\r\n    $(function() {\r\n\r\n        \r\n        \/* Validation *\/\r\n        $(\"#form-jsybkh\").validate({\r\n            \/* Rules for form validation *\/\r\n            rules: {\r\n                name0:{required: true},text1:{required: true},email2:{required: true,email: true},text3:{required: true},text4:{required: true},text5:{required: true},text6:{required: true},message7:{required: false,minlength: 10},\r\n\r\n                            },\r\n            \/* Messages for form validation *\/\r\n            messages: {\r\n                name0:{required: \"Ce champ est obligatoire\"},text1:{required: \"Ce champ est obligatoire\"},email2:{required: \"Ce champ est obligatoire\"},text3:{required: \"Ce champ est obligatoire\"},text4:{required: \"Ce champ est obligatoire\"},text5:{required: \"Ce champ est obligatoire\"},text6:{required: \"Ce champ est obligatoire\"},message7:{required: \"Ce champ est obligatoire\"}            },\r\n            \/* Do not change code below *\/\r\n            errorPlacement: function(error, element) {\r\n                error.insertAfter(element.parent());\r\n            },\r\n\r\n            submitHandler: function(form) {\r\n                                ecf_onsubmit(jQuery('.form-jsybkh'));\r\n\r\n                \r\n            },\r\n\r\n            invalidHandler: function(form) {\r\n                Ladda.stopAll();\r\n            },\r\n\r\n            onkeyup: false,\r\n            onfocusout: false,\r\n            onclick: false\r\n\r\n        });\r\n    });\r\n\r\n\r\n    \/* Form Submit ( Ajax ) *\/\r\n    function ecf_onsubmit(form) {\r\n\r\n        if (form.attr('action') == '#') {\r\n\r\n            data = {};\r\n            eldat = [];\r\n            data['action'] = 'ecf_deliver_mail';\r\n            data['formid'] = '1315';\r\n            data['security'] = 'a78f464d52';\r\n\r\n\r\n            \r\n            jQuery('input, textarea', form).each(function(key) {\r\n\r\n                items = {};\r\n\r\n                if (typeof $(this).data('type') === 'undefined') {\r\n                    return true;\r\n                }\r\n\r\n\r\n                \r\n                items['type'] = $(this).data('type');\r\n                items['label'] = $(this).data('label');\r\n                items['value'] = this.value;\r\n                items['name'] = this.name;\r\n\r\n                eldat.push(items);\r\n\r\n            });\r\n\r\n\r\n                        data['allelmnt'] = JSON.stringify(eldat);\r\n\r\n            submitForm();\r\n\r\n            return false;\r\n\r\n        }\r\n\r\n    }\r\n\r\n    \/* Start submitForm\t *\/\r\n    function submitForm() {\r\n\r\n        jQuery.ajax({\r\n            url: 'https:\/\/festival-ismotscroises.fr\/wp-admin\/admin-ajax.php',\r\n            type: 'POST',\r\n            dataType: 'json',\r\n            data: data,\r\n            success: function(data) {\r\n\r\n                if (data.Ok == true) {\r\n\r\n                    $(\"#form-jsybkh\").get(0).reset();\r\n\r\n                    if (data.msg == 'redirect') {\r\n                        window.location = \"http:\/\/\";\r\n                    } else {\r\n                        notifyme('Votre formulaire a bien \u00e9t\u00e9 envoy\u00e9', 'n', 'success',\r\n                            'left middle');\r\n                    }\r\n\r\n                } else {\r\n                    $(\"#form-jsybkh\").get(0).reset();\r\n                    notifyme(data.msg, 'n', 'error', 'left middle');\r\n                }\r\n\r\n                Ladda.stopAll();\r\n\r\n            }\r\n        });\r\n\r\n        \r\n    }\r\n\r\n\r\n    \/* Notify *\/\r\n    function notifyme(msg, b, typ, pos) {\r\n        if (b == 'n') {\r\n            b = 'cf-submittedjsybkh';\r\n        } else {\r\n            b = 'atcjsybkh';\r\n        }\r\n\r\n        $(\"#\" + b).gnotify(msg, {\r\n            style: \"nbootstrap\",\r\n            elementPosition: pos,\r\n            className: typ\r\n        });\r\n\r\n        msg = null;\r\n        typ = null;\r\n\r\n    }\r\n\r\n});\r\n<\/script>\r\n<!-- END JS for Form ID: 1315 -->\r\n\r\n<!-- START Form Markup for Form ID: 1315 -->\r\n<div id=\"preloader-jsybkh\" class=\"ecfpreloader\"><\/div>\r\n<div id=\"ecf-form-jsybkh\" class=\"ecf-body\">\r\n    <form method=\"post\" enctype=\"multipart\/form-data\" action=\"#\" id=\"form-jsybkh\" class=\"ecf-form form-jsybkh\">\r\n                <fieldset>\r\n            <section><label class=\"label\">Nom du coll\u00e8ge<\/label><label class=\"input\"><input data-type=\"name\" data-label=\"Nom du coll\u00e8ge\" id=\"name0\" type=\"text\" name=\"name0\" \/><\/label><\/section><section><label class=\"label\">Adresse compl\u00e8te de l&#039;\u00e9tablissement<\/label><label class=\"input\"><input data-type=\"text\" data-label=\"Adresse compl\u00e8te de l&#039;\u00e9tablissement\" id=\"text1\" type=\"text\" name=\"text1\" \/><\/label><\/section><section><label class=\"label\">Courriel du coll\u00e8ge<\/label><label class=\"input\"><input data-type=\"email\" data-label=\"Courriel du coll\u00e8ge\" id=\"email2\" type=\"text\" name=\"email2\" \/><\/label><\/section><section><label class=\"label\">T\u00e9l\u00e9phone du coll\u00e8ge<\/label><label class=\"input\"><input data-type=\"text\" data-label=\"T\u00e9l\u00e9phone du coll\u00e8ge\" id=\"text3\" type=\"text\" name=\"text3\" \/><\/label><\/section><section><label class=\"label\">Nom du professeur-relais (pr\u00e9ciser la fonction ou la mati\u00e8re enseign\u00e9e)<\/label><label class=\"input\"><input data-type=\"text\" data-label=\"Nom du professeur-relais (pr\u00e9ciser la fonction ou la mati\u00e8re enseign\u00e9e)\" id=\"text4\" type=\"text\" name=\"text4\" \/><\/label><\/section><section><label class=\"label\">Courriel du professeur-relais<\/label><label class=\"input\"><input data-type=\"text\" data-label=\"Courriel du professeur-relais\" id=\"text5\" type=\"text\" name=\"text5\" \/><\/label><\/section><section><label class=\"label\">Total des \u00e9l\u00e8ves de cinqui\u00e8me inscrits<\/label><label class=\"input\"><input data-type=\"text\" data-label=\"Total des \u00e9l\u00e8ves de cinqui\u00e8me inscrits\" id=\"text6\" type=\"text\" name=\"text6\" \/><\/label><\/section><section><label class=\"label\">Informations compl\u00e9mentaires<\/label><label class=\"textarea\"><textarea data-type=\"message\" data-label=\"Informations compl\u00e9mentaires\" id=\"message7\" name=\"message7\" rows=\"7\"><\/textarea><\/label><\/section>        <\/fieldset>\r\n        <footer>\r\n            <button data-style=\"slide-down\" id=\"cf-submittedjsybkh\" class=\"ecfbutton ladda-button\" type=\"submit\" name=\"cf-submittedjsybkh\"><span class=\"ladda-label\">SEND<\/span><\/button>\r\n        <\/footer>\r\n    <\/form>\r\n\r\n    \r\n<\/div>\r\n<!-- END Form Markup for Form ID: 1315 -->\r\n\r\n\r\n\t\t\t\t<\/p>\n<\/div><\/div><\/div><\/div><\/div>","protected":false},"excerpt":{"rendered":"<p>Inscription au Tournoi des coll\u00e8ges 2017 Pour inscrire leur coll\u00e8ge, les professeurs, documentalistes ou chefs d&rsquo;\u00e9tablissement peuvent remplir le formulaire ci-contre et l&rsquo;envoyer avec la commande \u00ab\u00a0send\u00a0\u00bb. On peut aussi imprimer le flyer du Tournoi et&nbsp; envoyer le talon-r\u00e9ponse par la Poste \u00e0 l&rsquo;adresse indiqu\u00e9e. &nbsp;&gt;&gt; t\u00e9l\u00e9charger le flyer 2017. Les dates \u00e0 noter : [&hellip;]<\/p>\n","protected":false},"author":2,"featured_media":0,"parent":0,"menu_order":0,"comment_status":"closed","ping_status":"closed","template":"templates\/template-full-notitle.php","meta":{"_monsterinsights_skip_tracking":false,"_monsterinsights_sitenote_active":false,"_monsterinsights_sitenote_note":"","_monsterinsights_sitenote_category":0,"footnotes":""},"class_list":["post-989","page","type-page","status-publish","hentry","post"],"yoast_head":"<!-- This site is optimized with the Yoast SEO plugin v22.6 - https:\/\/yoast.com\/wordpress\/plugins\/seo\/ -->\n<title>Coll\u00e8ges - Le Festival des mots crois\u00e9s \u00e0 Is-sur-Tille<\/title>\n<meta name=\"robots\" content=\"index, follow, max-snippet:-1, max-image-preview:large, max-video-preview:-1\" \/>\n<link rel=\"canonical\" href=\"https:\/\/festival-ismotscroises.fr\/?page_id=989\" \/>\n<meta property=\"og:locale\" content=\"fr_FR\" \/>\n<meta property=\"og:type\" content=\"article\" \/>\n<meta property=\"og:title\" content=\"Coll\u00e8ges - Le Festival des mots crois\u00e9s \u00e0 Is-sur-Tille\" \/>\n<meta property=\"og:description\" content=\"Inscription au Tournoi des coll\u00e8ges 2017 Pour inscrire leur coll\u00e8ge, les professeurs, documentalistes ou chefs d&rsquo;\u00e9tablissement peuvent remplir le formulaire ci-contre et l&rsquo;envoyer avec la commande \u00ab\u00a0send\u00a0\u00bb. On peut aussi imprimer le flyer du Tournoi et&nbsp; envoyer le talon-r\u00e9ponse par la Poste \u00e0 l&rsquo;adresse indiqu\u00e9e. &nbsp;&gt;&gt; t\u00e9l\u00e9charger le flyer 2017. Les dates \u00e0 noter : [&hellip;]\" \/>\n<meta property=\"og:url\" content=\"https:\/\/festival-ismotscroises.fr\/?page_id=989\" \/>\n<meta property=\"og:site_name\" content=\"Le Festival des mots crois\u00e9s \u00e0 Is-sur-Tille\" \/>\n<meta property=\"article:modified_time\" content=\"2016-11-13T15:56:37+00:00\" \/>\n<meta property=\"og:image\" content=\"http:\/\/festival-ismotscroises.fr\/wp-content\/uploads\/2016\/11\/tableau_marqueurs_TdC-277x300.jpg\" \/>\n<meta name=\"twitter:card\" content=\"summary_large_image\" \/>\n<meta name=\"twitter:label1\" content=\"Dur\u00e9e de lecture estim\u00e9e\" \/>\n\t<meta name=\"twitter:data1\" content=\"1 minute\" \/>\n<script type=\"application\/ld+json\" class=\"yoast-schema-graph\">{\"@context\":\"https:\/\/schema.org\",\"@graph\":[{\"@type\":\"WebPage\",\"@id\":\"https:\/\/festival-ismotscroises.fr\/?page_id=989\",\"url\":\"https:\/\/festival-ismotscroises.fr\/?page_id=989\",\"name\":\"Coll\u00e8ges - Le Festival des mots crois\u00e9s \u00e0 Is-sur-Tille\",\"isPartOf\":{\"@id\":\"https:\/\/festival-ismotscroises.fr\/#website\"},\"primaryImageOfPage\":{\"@id\":\"https:\/\/festival-ismotscroises.fr\/?page_id=989#primaryimage\"},\"image\":{\"@id\":\"https:\/\/festival-ismotscroises.fr\/?page_id=989#primaryimage\"},\"thumbnailUrl\":\"http:\/\/festival-ismotscroises.fr\/wp-content\/uploads\/2016\/11\/tableau_marqueurs_TdC-277x300.jpg\",\"datePublished\":\"2015-06-30T19:14:54+00:00\",\"dateModified\":\"2016-11-13T15:56:37+00:00\",\"breadcrumb\":{\"@id\":\"https:\/\/festival-ismotscroises.fr\/?page_id=989#breadcrumb\"},\"inLanguage\":\"fr-FR\",\"potentialAction\":[{\"@type\":\"ReadAction\",\"target\":[\"https:\/\/festival-ismotscroises.fr\/?page_id=989\"]}]},{\"@type\":\"ImageObject\",\"inLanguage\":\"fr-FR\",\"@id\":\"https:\/\/festival-ismotscroises.fr\/?page_id=989#primaryimage\",\"url\":\"https:\/\/festival-ismotscroises.fr\/wp-content\/uploads\/2016\/11\/tableau_marqueurs_TdC.jpg\",\"contentUrl\":\"https:\/\/festival-ismotscroises.fr\/wp-content\/uploads\/2016\/11\/tableau_marqueurs_TdC.jpg\",\"width\":1000,\"height\":1083},{\"@type\":\"BreadcrumbList\",\"@id\":\"https:\/\/festival-ismotscroises.fr\/?page_id=989#breadcrumb\",\"itemListElement\":[{\"@type\":\"ListItem\",\"position\":1,\"name\":\"Accueil\",\"item\":\"https:\/\/festival-ismotscroises.fr\/\"},{\"@type\":\"ListItem\",\"position\":2,\"name\":\"Coll\u00e8ges\"}]},{\"@type\":\"WebSite\",\"@id\":\"https:\/\/festival-ismotscroises.fr\/#website\",\"url\":\"https:\/\/festival-ismotscroises.fr\/\",\"name\":\"Le Festival des mots crois\u00e9s \u00e0 Is-sur-Tille\",\"description\":\"La ville d&#039;Is-sur-Tille, en C\u00f4te-d&#039;Or, organise un festival annuel de mots crois\u00e9s depuis 1990..\",\"potentialAction\":[{\"@type\":\"SearchAction\",\"target\":{\"@type\":\"EntryPoint\",\"urlTemplate\":\"https:\/\/festival-ismotscroises.fr\/?s={search_term_string}\"},\"query-input\":\"required name=search_term_string\"}],\"inLanguage\":\"fr-FR\"}]}<\/script>\n<!-- \/ Yoast SEO plugin. -->","yoast_head_json":{"title":"Coll\u00e8ges - Le Festival des mots crois\u00e9s \u00e0 Is-sur-Tille","robots":{"index":"index","follow":"follow","max-snippet":"max-snippet:-1","max-image-preview":"max-image-preview:large","max-video-preview":"max-video-preview:-1"},"canonical":"https:\/\/festival-ismotscroises.fr\/?page_id=989","og_locale":"fr_FR","og_type":"article","og_title":"Coll\u00e8ges - Le Festival des mots crois\u00e9s \u00e0 Is-sur-Tille","og_description":"Inscription au Tournoi des coll\u00e8ges 2017 Pour inscrire leur coll\u00e8ge, les professeurs, documentalistes ou chefs d&rsquo;\u00e9tablissement peuvent remplir le formulaire ci-contre et l&rsquo;envoyer avec la commande \u00ab\u00a0send\u00a0\u00bb. On peut aussi imprimer le flyer du Tournoi et&nbsp; envoyer le talon-r\u00e9ponse par la Poste \u00e0 l&rsquo;adresse indiqu\u00e9e. &nbsp;&gt;&gt; t\u00e9l\u00e9charger le flyer 2017. Les dates \u00e0 noter : [&hellip;]","og_url":"https:\/\/festival-ismotscroises.fr\/?page_id=989","og_site_name":"Le Festival des mots crois\u00e9s \u00e0 Is-sur-Tille","article_modified_time":"2016-11-13T15:56:37+00:00","og_image":[{"url":"http:\/\/festival-ismotscroises.fr\/wp-content\/uploads\/2016\/11\/tableau_marqueurs_TdC-277x300.jpg"}],"twitter_card":"summary_large_image","twitter_misc":{"Dur\u00e9e de lecture estim\u00e9e":"1 minute"},"schema":{"@context":"https:\/\/schema.org","@graph":[{"@type":"WebPage","@id":"https:\/\/festival-ismotscroises.fr\/?page_id=989","url":"https:\/\/festival-ismotscroises.fr\/?page_id=989","name":"Coll\u00e8ges - Le Festival des mots crois\u00e9s \u00e0 Is-sur-Tille","isPartOf":{"@id":"https:\/\/festival-ismotscroises.fr\/#website"},"primaryImageOfPage":{"@id":"https:\/\/festival-ismotscroises.fr\/?page_id=989#primaryimage"},"image":{"@id":"https:\/\/festival-ismotscroises.fr\/?page_id=989#primaryimage"},"thumbnailUrl":"http:\/\/festival-ismotscroises.fr\/wp-content\/uploads\/2016\/11\/tableau_marqueurs_TdC-277x300.jpg","datePublished":"2015-06-30T19:14:54+00:00","dateModified":"2016-11-13T15:56:37+00:00","breadcrumb":{"@id":"https:\/\/festival-ismotscroises.fr\/?page_id=989#breadcrumb"},"inLanguage":"fr-FR","potentialAction":[{"@type":"ReadAction","target":["https:\/\/festival-ismotscroises.fr\/?page_id=989"]}]},{"@type":"ImageObject","inLanguage":"fr-FR","@id":"https:\/\/festival-ismotscroises.fr\/?page_id=989#primaryimage","url":"https:\/\/festival-ismotscroises.fr\/wp-content\/uploads\/2016\/11\/tableau_marqueurs_TdC.jpg","contentUrl":"https:\/\/festival-ismotscroises.fr\/wp-content\/uploads\/2016\/11\/tableau_marqueurs_TdC.jpg","width":1000,"height":1083},{"@type":"BreadcrumbList","@id":"https:\/\/festival-ismotscroises.fr\/?page_id=989#breadcrumb","itemListElement":[{"@type":"ListItem","position":1,"name":"Accueil","item":"https:\/\/festival-ismotscroises.fr\/"},{"@type":"ListItem","position":2,"name":"Coll\u00e8ges"}]},{"@type":"WebSite","@id":"https:\/\/festival-ismotscroises.fr\/#website","url":"https:\/\/festival-ismotscroises.fr\/","name":"Le Festival des mots crois\u00e9s \u00e0 Is-sur-Tille","description":"La ville d&#039;Is-sur-Tille, en C\u00f4te-d&#039;Or, organise un festival annuel de mots crois\u00e9s depuis 1990..","potentialAction":[{"@type":"SearchAction","target":{"@type":"EntryPoint","urlTemplate":"https:\/\/festival-ismotscroises.fr\/?s={search_term_string}"},"query-input":"required name=search_term_string"}],"inLanguage":"fr-FR"}]}},"_links":{"self":[{"href":"https:\/\/festival-ismotscroises.fr\/index.php?rest_route=\/wp\/v2\/pages\/989","targetHints":{"allow":["GET"]}}],"collection":[{"href":"https:\/\/festival-ismotscroises.fr\/index.php?rest_route=\/wp\/v2\/pages"}],"about":[{"href":"https:\/\/festival-ismotscroises.fr\/index.php?rest_route=\/wp\/v2\/types\/page"}],"author":[{"embeddable":true,"href":"https:\/\/festival-ismotscroises.fr\/index.php?rest_route=\/wp\/v2\/users\/2"}],"replies":[{"embeddable":true,"href":"https:\/\/festival-ismotscroises.fr\/index.php?rest_route=%2Fwp%2Fv2%2Fcomments&post=989"}],"version-history":[{"count":31,"href":"https:\/\/festival-ismotscroises.fr\/index.php?rest_route=\/wp\/v2\/pages\/989\/revisions"}],"predecessor-version":[{"id":2663,"href":"https:\/\/festival-ismotscroises.fr\/index.php?rest_route=\/wp\/v2\/pages\/989\/revisions\/2663"}],"wp:attachment":[{"href":"https:\/\/festival-ismotscroises.fr\/index.php?rest_route=%2Fwp%2Fv2%2Fmedia&parent=989"}],"curies":[{"name":"wp","href":"https:\/\/api.w.org\/{rel}","templated":true}]}}