{"id":98,"date":"2015-06-18T19:49:39","date_gmt":"2015-06-18T17:49:39","guid":{"rendered":"http:\/\/festival-ismotscroises.fr\/?page_id=98"},"modified":"2023-03-24T15:54:14","modified_gmt":"2023-03-24T14:54:14","slug":"tournoi-des-colleges-4","status":"publish","type":"page","link":"https:\/\/festival-ismotscroises.fr\/?page_id=98","title":{"rendered":"Tournoi des coll\u00e8ges"},"content":{"rendered":"<div id=\"pl-98\"  class=\"panel-layout\" ><div id=\"pg-98-0\"  class=\"panel-grid panel-no-style\" ><div id=\"pgc-98-0-0\"  class=\"panel-grid-cell\" ><div id=\"panel-98-0-0-0\" class=\"so-panel widget panel-first-child panel-last-child\" data-index=\"0\" ><\/div><\/div><div id=\"pgc-98-0-1\"  class=\"panel-grid-cell\" ><div id=\"panel-98-0-1-0\" class=\"so-panel widget widget_black-studio-tinymce widget_black_studio_tinymce panel-first-child\" data-index=\"1\" ><div class=\"textwidget\"><h3 style=\"text-align: justify;\"><strong>Tournoi des coll\u00e8ges 2013<\/strong><\/h3>\n<p style=\"text-align: justify;\">Vingt-trois coll\u00e8ges \u00e9taient invit\u00e9s \u00e0 venir participer \u00e0 la grande finale du tournoi, le samedi 25 mai 2013. Le coll\u00e8ge Robert Schuman, de Macon, a d\u00fb d\u00e9clarer forfait deux jours auparavant, suite \u00e0 l'absence d'un de ses joueurs qualifi\u00e9s, les d\u00e9lais \u00e9tant trop courts pour organiser le d\u00e9placement d'un autre candidat. Cette \u00e9quipe de Sa\u00f4ne-et-Loire a \u00e9t\u00e9 remplac\u00e9e au dernier moment par deux coll\u00e9giens non qualifi\u00e9s d'Is-sur-Tille, mais qui ne pouvaient en cons\u00e9quence pas participer au classement. L'ensemble des grilles propos\u00e9es aux joueurs avait pour th\u00e8me \u00ab <em><strong>Un tour en Europe<\/strong><\/em> \u00bb.<br \/>D\u00e8s le d\u00e9part de la comp\u00e9tition, le coll\u00e8ge Montchapet, de Dijon, a donn\u00e9 le ton en emportant une partie en... 3 minutes 6 secondes. Cette \u00e9quipe brillante est pourtant tomb\u00e9e en demi-finale, en raison d'une partie arr\u00eat\u00e9e sur une faute : FLAMANDS \u00e9crit \"FLAMANTS\" pour la d\u00e9finition \"lls habitent la Flandre, en Belgique\". Ses adversaires, du coll\u00e8ge Paul-Fort d'Is-sur-Tille, remportent ainsi une victoire qu'ils n'osaient esp\u00e9rer.<br \/>En finale, les deux \u00e9quipes (Paul-Fort et Clos-de-Pouilly, de Dijon) butent sur la m\u00eame d\u00e9finition : \"Lanceurs de disque, dont un a \u00e9t\u00e9 repr\u00e9sent\u00e9 par une c\u00e9l\u00e8bre statue grecque\". Alors que les deux grilles sont compl\u00e8tes, les joueurs des deux c\u00f4t\u00e9s \u00e9crivent le mot DISCOBOLES avec un P (\"DISCOPOLES\") ... Is-sur-Tille h\u00e9site, efface la lettre, mais ne trouve pas mieux. Clos-de-Pouilly prend alors la d\u00e9cision d'arr\u00eater la partie, et la perd sur cette faute.<\/p>\n<h4><span style=\"color: #000000;\"><strong>Palmar\u00e8s<\/strong><\/span><\/h4>\n<p><em>(Dans le cas d'une \u00e9limination avant les demi-finales, les \u00e9quipes sont class\u00e9es selon les r\u00e9sultats obtenus lors de l'\u00e9preuve de qualification).<\/em><br \/><span style=\"color: #993300;\"><strong>Finale :<\/strong><\/span><br \/>1 Coll\u00e8ge Paul-Fort, \u00a01e \u00e9quipe (IS-SUR-TILLE)<br \/>2 Coll\u00e8ge Clos-de-Pouilly (DIJON)<br \/><span style=\"color: #993300;\"><strong>Demi-finales :<\/strong><\/span><br \/>3 Coll\u00e8ge Montchapet, 1e \u00e9quipe (DIJON) \u00a0<br \/>4 Coll\u00e8ge Marcelle-Pard\u00e9, 1e \u00e9quipe (DIJON)<br \/><strong><span style=\"color: #993300;\">Quarts de finales :<\/span><\/strong><br \/>5 Coll\u00e8ge Jacques-Mercusot, 1e \u00e9quipe (SOMBERNON)<br \/>6 Coll\u00e8ge Champ Lumi\u00e8re, 1e (SELONGEY)<br \/>7 Coll\u00e8ge Paul-Fort, 2e \u00e9quipe (IS-SUR-TILLE)<br \/>8 Coll\u00e8ge Lazare-Carnot (NOLAY)<br \/><span style=\"color: #993300;\"><strong>Huiti\u00e8mes de finales :<\/strong><\/span><br \/>9 Coll\u00e8ge Montchapet, 2e \u00e9quipe (DIJON)<br \/>10 Coll\u00e8ge Jacques-Mercusot, 2e \u00e9quipe (SOMBERNON)<br \/>11 Coll\u00e8ge Les Franchises, 1e \u00e9quipe (LANGRES) <br \/>12 Coll\u00e8ge Lumi\u00e8re, 1e \u00e9quipe (BESAN\u00c7ON)<br \/>13 Coll\u00e8ge Les Franchises, 2e \u00e9quipe (LANGRES) <br \/>14 Coll\u00e8ge Louis Bruntz (BOURMONT)<br \/>15 Coll\u00e8ge Claude Girard, 2e \u00e9quipe\u00a0 (CHATILLON-LE-DUC)<br \/>16 Coll\u00e8ge Roland-Dorgel\u00e8s, (LONGVIC)<br \/><span style=\"color: #993300;\"><strong>Seizi\u00e8mes de finales :<\/strong><\/span><br \/>17 Coll\u00e8ge Marcelle-Pard\u00e9, 2e \u00e9quipe (DIJON) <br \/>18 Coll\u00e8ge Henri-Berger, 1e \u00e9quipe (FONTAINE-FRAN\u00c7AISE)<br \/>19 Coll\u00e8ge Robert et Sonia Delaunay, (GRAY)<br \/>20 Coll\u00e8ge Henri-Morat,\u00a01e \u00e9quipe (RECEY-SUR-OURCE) <br \/>21 Coll\u00e8ge Claude Girard, 1e \u00e9quipe\u00a0(CHATILLON-LE-DUC)<br \/>22 Coll\u00e8ge Jean-Philippe Rameau (DIJON)<br \/>23 Coll\u00e8ge Champ Lumi\u00e8re, 2e \u00e9quipe (SELONGEY)<br \/>24 Coll\u00e8ge Henri-Morat, 2e \u00e9quipe (RECEY-SUR-OURCE)<br \/>25 Coll\u00e8ge Voltaire (BESAN\u00c7ON)<br \/>26 Coll\u00e8ge Henri-Berger, 2e \u00e9quipe (FONTAINE-FRAN\u00c7AISE)<br \/>27 Coll\u00e8ge Albert-Mathiez (MARNAY)<br \/>28 Coll\u00e8ge Champollion (DIJON)<br \/>29 Coll\u00e8ge Louise-Michel (CHAUMONT)<br \/>30 Coll\u00e8ge Les Vignes du Crey (PRAUTHOY)<br \/>31\u00a0Coll\u00e8ge \u00c9mile-Lepitre (LAIGNES)<br \/>\u00c9quipe non class\u00e9e :\u00a0 Coll\u00e8ge Paul-Fort (IS-SUR-TILLE)<\/p>\n<h4><strong>Grilles du Tournoi\u00a0de mots crois\u00e9s des coll\u00e8ges 2013<\/strong><\/h4>\n<p>Chaque ann\u00e9e, le Tournoi des coll\u00e8ges suit un th\u00e8me annonc\u00e9 environ un mois \u00e0 l'avance \u00e0 tous les coll\u00e8ges inscrits. Les grilles de 2013 proposaient aux candidats de faire \u00ab Un tour en Europe \u00bb. Il suffisait de conna\u00eetre les traits de civilisation majeurs de notre vieux continent, de savoir par exemple qu'on parle le polonais \u00e0 Varsovie et que le Rh\u00f4ne ne se jette pas dans la Mer du Nord... Comme d'habitude, beaucoup de parties ont \u00e9t\u00e9 arr\u00eat\u00e9es en moins d'un quart d'heure sur des solutions parfaites.<br \/>Voici les grilles, pour l'entra\u00eenement de celles et ceux qui voudront v\u00e9rifier quelques connaissances de base...<br \/>Besoin d'une solution ? Contactez-nous : <a href=\"mailto:mairie@is-sur-tille.fr\">mairie@is-sur-tille.fr<\/a><\/p>\n<\/div><\/div><div id=\"panel-98-0-1-1\" class=\"so-panel widget widget_sow-button panel-last-child\" data-index=\"2\" ><div\n\t\t\t\n\t\t\tclass=\"so-widget-sow-button so-widget-sow-button-atom-2fa5db29757e-98\"\n\t\t\t\n\t\t><div class=\"ow-button-base ow-button-align-left\">\n\t<a\n\thref=\"http:\/\/festival-ismotscroises.fr\/wp-content\/uploads\/2015\/06\/2013-TDC-GRILLES.pdf\"\n\t\tclass=\"ow-icon-placement-left ow-button-hover\" target=\"_blank\" rel=\"noopener noreferrer\" \t>\n\t\t<span>\n\t\t\t\n\t\t\tT\u00e9l\u00e9chargez les grilles 2013\t\t<\/span>\n\t<\/a>\n<\/div>\n<\/div><\/div><\/div><\/div><div id=\"pg-98-1\"  class=\"panel-grid panel-no-style\" ><div id=\"pgc-98-1-0\"  class=\"panel-grid-cell\" ><div id=\"panel-98-1-0-0\" class=\"so-panel widget widget_black-studio-tinymce widget_black_studio_tinymce panel-first-child panel-last-child\" data-index=\"3\" ><div class=\"textwidget\"><p><img loading=\"lazy\" decoding=\"async\" class=\" size-medium wp-image-742 aligncenter\" src=\"http:\/\/festival-ismotscroises.fr\/wp-content\/uploads\/2015\/06\/MASCOTTE-300x264.png\" alt=\"MASCOTTE\" width=\"300\" height=\"264\" srcset=\"https:\/\/festival-ismotscroises.fr\/wp-content\/uploads\/2015\/06\/MASCOTTE-300x264.png 300w, https:\/\/festival-ismotscroises.fr\/wp-content\/uploads\/2015\/06\/MASCOTTE.png 535w\" sizes=\"auto, (max-width: 300px) 100vw, 300px\" \/><\/p>\n<\/div><\/div><\/div><\/div><\/div>","protected":false},"excerpt":{"rendered":"<p>Tournoi des coll\u00e8ges 2013Vingt-trois coll\u00e8ges \u00e9taient invit\u00e9s \u00e0 venir participer \u00e0 la grande finale du tournoi, le samedi 25 mai 2013. Le coll\u00e8ge Robert Schuman, de Macon, a d\u00fb d\u00e9clarer forfait deux jours auparavant, suite \u00e0 l&rsquo;absence d&rsquo;un de ses joueurs qualifi\u00e9s, les d\u00e9lais \u00e9tant trop courts pour organiser le d\u00e9placement d&rsquo;un autre candidat. Cette [&hellip;]<\/p>\n","protected":false},"author":2,"featured_media":0,"parent":0,"menu_order":0,"comment_status":"closed","ping_status":"closed","template":"templates\/template-full-notitle.php","meta":{"_monsterinsights_skip_tracking":false,"_monsterinsights_sitenote_active":false,"_monsterinsights_sitenote_note":"","_monsterinsights_sitenote_category":0,"footnotes":""},"class_list":["post-98","page","type-page","status-publish","hentry","post"],"yoast_head":"<!-- This site is optimized with the Yoast SEO plugin v22.6 - https:\/\/yoast.com\/wordpress\/plugins\/seo\/ -->\n<title>Tournoi des coll\u00e8ges - Le Festival des mots crois\u00e9s \u00e0 Is-sur-Tille<\/title>\n<meta name=\"robots\" content=\"index, follow, max-snippet:-1, max-image-preview:large, max-video-preview:-1\" \/>\n<link rel=\"canonical\" href=\"https:\/\/festival-ismotscroises.fr\/?page_id=98\" \/>\n<meta property=\"og:locale\" content=\"fr_FR\" \/>\n<meta property=\"og:type\" content=\"article\" \/>\n<meta property=\"og:title\" content=\"Tournoi des coll\u00e8ges - Le Festival des mots crois\u00e9s \u00e0 Is-sur-Tille\" \/>\n<meta property=\"og:description\" content=\"Tournoi des coll\u00e8ges 2013Vingt-trois coll\u00e8ges \u00e9taient invit\u00e9s \u00e0 venir participer \u00e0 la grande finale du tournoi, le samedi 25 mai 2013. Le coll\u00e8ge Robert Schuman, de Macon, a d\u00fb d\u00e9clarer forfait deux jours auparavant, suite \u00e0 l&#039;absence d&#039;un de ses joueurs qualifi\u00e9s, les d\u00e9lais \u00e9tant trop courts pour organiser le d\u00e9placement d&#039;un autre candidat. Cette [&hellip;]\" \/>\n<meta property=\"og:url\" content=\"https:\/\/festival-ismotscroises.fr\/?page_id=98\" \/>\n<meta property=\"og:site_name\" content=\"Le Festival des mots crois\u00e9s \u00e0 Is-sur-Tille\" \/>\n<meta property=\"article:modified_time\" content=\"2023-03-24T14:54:14+00:00\" \/>\n<meta property=\"og:image\" content=\"http:\/\/festival-ismotscroises.fr\/wp-content\/plugins\/easy-media-gallery-pro\/includes\/images\/trans.png\" \/>\n<meta name=\"twitter:card\" content=\"summary_large_image\" \/>\n<meta name=\"twitter:label1\" content=\"Dur\u00e9e de lecture estim\u00e9e\" \/>\n\t<meta name=\"twitter:data1\" content=\"3 minutes\" \/>\n<script type=\"application\/ld+json\" class=\"yoast-schema-graph\">{\"@context\":\"https:\/\/schema.org\",\"@graph\":[{\"@type\":\"WebPage\",\"@id\":\"https:\/\/festival-ismotscroises.fr\/?page_id=98\",\"url\":\"https:\/\/festival-ismotscroises.fr\/?page_id=98\",\"name\":\"Tournoi des coll\u00e8ges - Le Festival des mots crois\u00e9s \u00e0 Is-sur-Tille\",\"isPartOf\":{\"@id\":\"https:\/\/festival-ismotscroises.fr\/#website\"},\"primaryImageOfPage\":{\"@id\":\"https:\/\/festival-ismotscroises.fr\/?page_id=98#primaryimage\"},\"image\":{\"@id\":\"https:\/\/festival-ismotscroises.fr\/?page_id=98#primaryimage\"},\"thumbnailUrl\":\"http:\/\/festival-ismotscroises.fr\/wp-content\/plugins\/easy-media-gallery-pro\/includes\/images\/trans.png\",\"datePublished\":\"2015-06-18T17:49:39+00:00\",\"dateModified\":\"2023-03-24T14:54:14+00:00\",\"breadcrumb\":{\"@id\":\"https:\/\/festival-ismotscroises.fr\/?page_id=98#breadcrumb\"},\"inLanguage\":\"fr-FR\",\"potentialAction\":[{\"@type\":\"ReadAction\",\"target\":[\"https:\/\/festival-ismotscroises.fr\/?page_id=98\"]}]},{\"@type\":\"ImageObject\",\"inLanguage\":\"fr-FR\",\"@id\":\"https:\/\/festival-ismotscroises.fr\/?page_id=98#primaryimage\",\"url\":\"http:\/\/festival-ismotscroises.fr\/wp-content\/plugins\/easy-media-gallery-pro\/includes\/images\/trans.png\",\"contentUrl\":\"http:\/\/festival-ismotscroises.fr\/wp-content\/plugins\/easy-media-gallery-pro\/includes\/images\/trans.png\"},{\"@type\":\"BreadcrumbList\",\"@id\":\"https:\/\/festival-ismotscroises.fr\/?page_id=98#breadcrumb\",\"itemListElement\":[{\"@type\":\"ListItem\",\"position\":1,\"name\":\"Accueil\",\"item\":\"https:\/\/festival-ismotscroises.fr\/\"},{\"@type\":\"ListItem\",\"position\":2,\"name\":\"Tournoi des coll\u00e8ges\"}]},{\"@type\":\"WebSite\",\"@id\":\"https:\/\/festival-ismotscroises.fr\/#website\",\"url\":\"https:\/\/festival-ismotscroises.fr\/\",\"name\":\"Le Festival des mots crois\u00e9s \u00e0 Is-sur-Tille\",\"description\":\"La ville d&#039;Is-sur-Tille, en C\u00f4te-d&#039;Or, organise un festival annuel de mots crois\u00e9s depuis 1990..\",\"potentialAction\":[{\"@type\":\"SearchAction\",\"target\":{\"@type\":\"EntryPoint\",\"urlTemplate\":\"https:\/\/festival-ismotscroises.fr\/?s={search_term_string}\"},\"query-input\":\"required name=search_term_string\"}],\"inLanguage\":\"fr-FR\"}]}<\/script>\n<!-- \/ Yoast SEO plugin. -->","yoast_head_json":{"title":"Tournoi des coll\u00e8ges - Le Festival des mots crois\u00e9s \u00e0 Is-sur-Tille","robots":{"index":"index","follow":"follow","max-snippet":"max-snippet:-1","max-image-preview":"max-image-preview:large","max-video-preview":"max-video-preview:-1"},"canonical":"https:\/\/festival-ismotscroises.fr\/?page_id=98","og_locale":"fr_FR","og_type":"article","og_title":"Tournoi des coll\u00e8ges - Le Festival des mots crois\u00e9s \u00e0 Is-sur-Tille","og_description":"Tournoi des coll\u00e8ges 2013Vingt-trois coll\u00e8ges \u00e9taient invit\u00e9s \u00e0 venir participer \u00e0 la grande finale du tournoi, le samedi 25 mai 2013. Le coll\u00e8ge Robert Schuman, de Macon, a d\u00fb d\u00e9clarer forfait deux jours auparavant, suite \u00e0 l'absence d'un de ses joueurs qualifi\u00e9s, les d\u00e9lais \u00e9tant trop courts pour organiser le d\u00e9placement d'un autre candidat. Cette [&hellip;]","og_url":"https:\/\/festival-ismotscroises.fr\/?page_id=98","og_site_name":"Le Festival des mots crois\u00e9s \u00e0 Is-sur-Tille","article_modified_time":"2023-03-24T14:54:14+00:00","og_image":[{"url":"http:\/\/festival-ismotscroises.fr\/wp-content\/plugins\/easy-media-gallery-pro\/includes\/images\/trans.png"}],"twitter_card":"summary_large_image","twitter_misc":{"Dur\u00e9e de lecture estim\u00e9e":"3 minutes"},"schema":{"@context":"https:\/\/schema.org","@graph":[{"@type":"WebPage","@id":"https:\/\/festival-ismotscroises.fr\/?page_id=98","url":"https:\/\/festival-ismotscroises.fr\/?page_id=98","name":"Tournoi des coll\u00e8ges - Le Festival des mots crois\u00e9s \u00e0 Is-sur-Tille","isPartOf":{"@id":"https:\/\/festival-ismotscroises.fr\/#website"},"primaryImageOfPage":{"@id":"https:\/\/festival-ismotscroises.fr\/?page_id=98#primaryimage"},"image":{"@id":"https:\/\/festival-ismotscroises.fr\/?page_id=98#primaryimage"},"thumbnailUrl":"http:\/\/festival-ismotscroises.fr\/wp-content\/plugins\/easy-media-gallery-pro\/includes\/images\/trans.png","datePublished":"2015-06-18T17:49:39+00:00","dateModified":"2023-03-24T14:54:14+00:00","breadcrumb":{"@id":"https:\/\/festival-ismotscroises.fr\/?page_id=98#breadcrumb"},"inLanguage":"fr-FR","potentialAction":[{"@type":"ReadAction","target":["https:\/\/festival-ismotscroises.fr\/?page_id=98"]}]},{"@type":"ImageObject","inLanguage":"fr-FR","@id":"https:\/\/festival-ismotscroises.fr\/?page_id=98#primaryimage","url":"http:\/\/festival-ismotscroises.fr\/wp-content\/plugins\/easy-media-gallery-pro\/includes\/images\/trans.png","contentUrl":"http:\/\/festival-ismotscroises.fr\/wp-content\/plugins\/easy-media-gallery-pro\/includes\/images\/trans.png"},{"@type":"BreadcrumbList","@id":"https:\/\/festival-ismotscroises.fr\/?page_id=98#breadcrumb","itemListElement":[{"@type":"ListItem","position":1,"name":"Accueil","item":"https:\/\/festival-ismotscroises.fr\/"},{"@type":"ListItem","position":2,"name":"Tournoi des coll\u00e8ges"}]},{"@type":"WebSite","@id":"https:\/\/festival-ismotscroises.fr\/#website","url":"https:\/\/festival-ismotscroises.fr\/","name":"Le Festival des mots crois\u00e9s \u00e0 Is-sur-Tille","description":"La ville d&#039;Is-sur-Tille, en C\u00f4te-d&#039;Or, organise un festival annuel de mots crois\u00e9s depuis 1990..","potentialAction":[{"@type":"SearchAction","target":{"@type":"EntryPoint","urlTemplate":"https:\/\/festival-ismotscroises.fr\/?s={search_term_string}"},"query-input":"required name=search_term_string"}],"inLanguage":"fr-FR"}]}},"_links":{"self":[{"href":"https:\/\/festival-ismotscroises.fr\/index.php?rest_route=\/wp\/v2\/pages\/98","targetHints":{"allow":["GET"]}}],"collection":[{"href":"https:\/\/festival-ismotscroises.fr\/index.php?rest_route=\/wp\/v2\/pages"}],"about":[{"href":"https:\/\/festival-ismotscroises.fr\/index.php?rest_route=\/wp\/v2\/types\/page"}],"author":[{"embeddable":true,"href":"https:\/\/festival-ismotscroises.fr\/index.php?rest_route=\/wp\/v2\/users\/2"}],"replies":[{"embeddable":true,"href":"https:\/\/festival-ismotscroises.fr\/index.php?rest_route=%2Fwp%2Fv2%2Fcomments&post=98"}],"version-history":[{"count":12,"href":"https:\/\/festival-ismotscroises.fr\/index.php?rest_route=\/wp\/v2\/pages\/98\/revisions"}],"predecessor-version":[{"id":3826,"href":"https:\/\/festival-ismotscroises.fr\/index.php?rest_route=\/wp\/v2\/pages\/98\/revisions\/3826"}],"wp:attachment":[{"href":"https:\/\/festival-ismotscroises.fr\/index.php?rest_route=%2Fwp%2Fv2%2Fmedia&parent=98"}],"curies":[{"name":"wp","href":"https:\/\/api.w.org\/{rel}","templated":true}]}}