{"id":47,"date":"2015-06-18T18:51:43","date_gmt":"2015-06-18T16:51:43","guid":{"rendered":"http:\/\/festival-ismotscroises.fr\/?page_id=47"},"modified":"2015-11-08T18:25:07","modified_gmt":"2015-11-08T17:25:07","slug":"championnat-francophone","status":"publish","type":"page","link":"https:\/\/festival-ismotscroises.fr\/?page_id=47","title":{"rendered":"Championnat francophone"},"content":{"rendered":"<div id=\"pl-47\"  class=\"panel-layout\" ><div id=\"pg-47-0\"  class=\"panel-grid panel-no-style\" ><div id=\"pgc-47-0-0\"  class=\"panel-grid-cell\" ><div id=\"panel-47-0-0-0\" class=\"so-panel widget widget_sow-image panel-first-child panel-last-child\" data-index=\"0\" ><div\n\t\t\t\n\t\t\tclass=\"so-widget-sow-image so-widget-sow-image-default-8b5b6f678277-47\"\n\t\t\t\n\t\t>\n\n<div class=\"sow-image-container\">\n\t\t<img loading=\"lazy\" decoding=\"async\" src=\"https:\/\/festival-ismotscroises.fr\/wp-content\/uploads\/2015\/06\/COMPETITIONS-CF.jpg\" width=\"430\" height=\"430\" srcset=\"https:\/\/festival-ismotscroises.fr\/wp-content\/uploads\/2015\/06\/COMPETITIONS-CF.jpg 430w, https:\/\/festival-ismotscroises.fr\/wp-content\/uploads\/2015\/06\/COMPETITIONS-CF-150x150.jpg 150w, https:\/\/festival-ismotscroises.fr\/wp-content\/uploads\/2015\/06\/COMPETITIONS-CF-300x300.jpg 300w\" sizes=\"auto, (max-width: 430px) 100vw, 430px\" alt=\"\" \t\tclass=\"so-widget-image\"\/>\n\t<\/div>\n\n<\/div><\/div><\/div><div id=\"pgc-47-0-1\"  class=\"panel-grid-cell\" ><div id=\"panel-47-0-1-0\" class=\"so-panel widget widget_black-studio-tinymce widget_black_studio_tinymce panel-first-child panel-last-child\" data-index=\"1\" ><div class=\"textwidget\"><h3 style=\"text-align: justify;\">Championnat francophone<\/h3>\n<h4 style=\"text-align: justify;\"><strong>Une fois tous les trois ans \u00e0 Is-sur-Tille\u00a0: Le Championnat francophone<\/strong><\/h4>\n<p style=\"text-align: justify;\">Cette comp\u00e9tition rassemble quelques dizaines de candidats autour de grilles refl\u00e9tant la richesse des cultures francophones. Ouverte aux habitants de tous les pays de langue fran\u00e7aise, c\u2019est la discipline la plus exigeante du Festival.<br \/>En 1996, l\u2019\u00e9preuve a inaugur\u00e9 un cycle nouveau avec la cr\u00e9ation de l'<em>association des villes En 2 lettres<\/em>, chacune des trois villes associ\u00e9es accueillant la comp\u00e9tition \u00e0 tour de r\u00f4le.<br \/>\u00c0 partir de 2004, le Championnat francophone s'ouvre \u00e0 de nouveaux auteurs fran\u00e7ais, belges et qu\u00e9becquois. En 2013, Is-sur-Tille fait appel \u00e0 un nouveau partenaire, l'association <em>\u00c0 la crois\u00e9e des mots<\/em> qui propose 3 grilles sur le th\u00e8me de la francophonie. La quatri\u00e8me grille, confi\u00e9e \u00e0 Jean Rossat, permet de qualifier des joueurs pour le Tournoi open de Bourgogne. <br \/>La prochaine \u00e9dition du Championnat francophone est pr\u00e9vue pour 2017 \u00e0 Is-sur-Tille. Une r\u00e9flexion est en cours pour accueillir les cruciverbistes de langue fran\u00e7aise autour d'une formule de jeu conviviale et vari\u00e9e.<\/p>\n<p style=\"text-align: justify;\"><strong>D\u00e9couvrez<\/strong> : <a href=\"http:\/\/festival-ismotscroises.fr\/?page_id=101\">l'\u00e9dition 2013<\/a> \u2022 <a href=\"http:\/\/festival-ismotscroises.fr\/?page_id=134\">l'\u00e9dition 2010<\/a> \u2022 <a href=\"http:\/\/festival-ismotscroises.fr\/?page_id=164\">l'\u00e9dition 2007<\/a> \u2022 <a href=\"http:\/\/festival-ismotscroises.fr\/?page_id=197\">l'\u00e9dition 2004<\/a><\/p>\n<\/div><\/div><\/div><\/div><div id=\"pg-47-1\"  class=\"panel-grid panel-no-style\" ><div id=\"pgc-47-1-0\"  class=\"panel-grid-cell\" ><div id=\"panel-47-1-0-0\" class=\"so-panel widget widget_black-studio-tinymce widget_black_studio_tinymce panel-first-child panel-last-child\" data-index=\"2\" ><div class=\"textwidget\"><p><img loading=\"lazy\" decoding=\"async\" class=\" size-full wp-image-1496 alignright\" src=\"http:\/\/festival-ismotscroises.fr\/wp-content\/uploads\/2015\/07\/ISMOTSCROISES-LOGO.png\" alt=\"ISMOTSCROISES-LOGO\" width=\"152\" height=\"150\" \/><\/p>\n<\/div><\/div><\/div><\/div><\/div>","protected":false},"excerpt":{"rendered":"<p>Championnat francophoneUne fois tous les trois ans \u00e0 Is-sur-Tille\u00a0: Le Championnat francophoneCette comp\u00e9tition rassemble quelques dizaines de candidats autour de grilles refl\u00e9tant la richesse des cultures francophones. Ouverte aux habitants de tous les pays de langue fran\u00e7aise, c\u2019est la discipline la plus exigeante du Festival.En 1996, l\u2019\u00e9preuve a inaugur\u00e9 un cycle nouveau avec la cr\u00e9ation [&hellip;]<\/p>\n","protected":false},"author":2,"featured_media":0,"parent":0,"menu_order":0,"comment_status":"closed","ping_status":"closed","template":"templates\/template-full-notitle.php","meta":{"_monsterinsights_skip_tracking":false,"_monsterinsights_sitenote_active":false,"_monsterinsights_sitenote_note":"","_monsterinsights_sitenote_category":0,"footnotes":""},"class_list":["post-47","page","type-page","status-publish","hentry","post"],"yoast_head":"<!-- This site is optimized with the Yoast SEO plugin v22.6 - https:\/\/yoast.com\/wordpress\/plugins\/seo\/ -->\n<title>Championnat francophone - Le Festival des mots crois\u00e9s \u00e0 Is-sur-Tille<\/title>\n<meta name=\"robots\" content=\"index, follow, max-snippet:-1, max-image-preview:large, max-video-preview:-1\" \/>\n<link rel=\"canonical\" href=\"https:\/\/festival-ismotscroises.fr\/?page_id=47\" \/>\n<meta property=\"og:locale\" content=\"fr_FR\" \/>\n<meta property=\"og:type\" content=\"article\" \/>\n<meta property=\"og:title\" content=\"Championnat francophone - Le Festival des mots crois\u00e9s \u00e0 Is-sur-Tille\" \/>\n<meta property=\"og:description\" content=\"Championnat francophoneUne fois tous les trois ans \u00e0 Is-sur-Tille\u00a0: Le Championnat francophoneCette comp\u00e9tition rassemble quelques dizaines de candidats autour de grilles refl\u00e9tant la richesse des cultures francophones. Ouverte aux habitants de tous les pays de langue fran\u00e7aise, c\u2019est la discipline la plus exigeante du Festival.En 1996, l\u2019\u00e9preuve a inaugur\u00e9 un cycle nouveau avec la cr\u00e9ation [&hellip;]\" \/>\n<meta property=\"og:url\" content=\"https:\/\/festival-ismotscroises.fr\/?page_id=47\" \/>\n<meta property=\"og:site_name\" content=\"Le Festival des mots crois\u00e9s \u00e0 Is-sur-Tille\" \/>\n<meta property=\"article:modified_time\" content=\"2015-11-08T17:25:07+00:00\" \/>\n<meta property=\"og:image\" content=\"http:\/\/festival-ismotscroises.fr\/wp-content\/uploads\/2015\/06\/COMPETITIONS-CF.jpg\" \/>\n<meta name=\"twitter:card\" content=\"summary_large_image\" \/>\n<meta name=\"twitter:label1\" content=\"Dur\u00e9e de lecture estim\u00e9e\" \/>\n\t<meta name=\"twitter:data1\" content=\"1 minute\" \/>\n<script type=\"application\/ld+json\" class=\"yoast-schema-graph\">{\"@context\":\"https:\/\/schema.org\",\"@graph\":[{\"@type\":\"WebPage\",\"@id\":\"https:\/\/festival-ismotscroises.fr\/?page_id=47\",\"url\":\"https:\/\/festival-ismotscroises.fr\/?page_id=47\",\"name\":\"Championnat francophone - Le Festival des mots crois\u00e9s \u00e0 Is-sur-Tille\",\"isPartOf\":{\"@id\":\"https:\/\/festival-ismotscroises.fr\/#website\"},\"primaryImageOfPage\":{\"@id\":\"https:\/\/festival-ismotscroises.fr\/?page_id=47#primaryimage\"},\"image\":{\"@id\":\"https:\/\/festival-ismotscroises.fr\/?page_id=47#primaryimage\"},\"thumbnailUrl\":\"http:\/\/festival-ismotscroises.fr\/wp-content\/uploads\/2015\/06\/COMPETITIONS-CF.jpg\",\"datePublished\":\"2015-06-18T16:51:43+00:00\",\"dateModified\":\"2015-11-08T17:25:07+00:00\",\"breadcrumb\":{\"@id\":\"https:\/\/festival-ismotscroises.fr\/?page_id=47#breadcrumb\"},\"inLanguage\":\"fr-FR\",\"potentialAction\":[{\"@type\":\"ReadAction\",\"target\":[\"https:\/\/festival-ismotscroises.fr\/?page_id=47\"]}]},{\"@type\":\"ImageObject\",\"inLanguage\":\"fr-FR\",\"@id\":\"https:\/\/festival-ismotscroises.fr\/?page_id=47#primaryimage\",\"url\":\"https:\/\/festival-ismotscroises.fr\/wp-content\/uploads\/2015\/06\/COMPETITIONS-CF.jpg\",\"contentUrl\":\"https:\/\/festival-ismotscroises.fr\/wp-content\/uploads\/2015\/06\/COMPETITIONS-CF.jpg\",\"width\":430,\"height\":430},{\"@type\":\"BreadcrumbList\",\"@id\":\"https:\/\/festival-ismotscroises.fr\/?page_id=47#breadcrumb\",\"itemListElement\":[{\"@type\":\"ListItem\",\"position\":1,\"name\":\"Accueil\",\"item\":\"https:\/\/festival-ismotscroises.fr\/\"},{\"@type\":\"ListItem\",\"position\":2,\"name\":\"Championnat francophone\"}]},{\"@type\":\"WebSite\",\"@id\":\"https:\/\/festival-ismotscroises.fr\/#website\",\"url\":\"https:\/\/festival-ismotscroises.fr\/\",\"name\":\"Le Festival des mots crois\u00e9s \u00e0 Is-sur-Tille\",\"description\":\"La ville d&#039;Is-sur-Tille, en C\u00f4te-d&#039;Or, organise un festival annuel de mots crois\u00e9s depuis 1990..\",\"potentialAction\":[{\"@type\":\"SearchAction\",\"target\":{\"@type\":\"EntryPoint\",\"urlTemplate\":\"https:\/\/festival-ismotscroises.fr\/?s={search_term_string}\"},\"query-input\":\"required name=search_term_string\"}],\"inLanguage\":\"fr-FR\"}]}<\/script>\n<!-- \/ Yoast SEO plugin. -->","yoast_head_json":{"title":"Championnat francophone - Le Festival des mots crois\u00e9s \u00e0 Is-sur-Tille","robots":{"index":"index","follow":"follow","max-snippet":"max-snippet:-1","max-image-preview":"max-image-preview:large","max-video-preview":"max-video-preview:-1"},"canonical":"https:\/\/festival-ismotscroises.fr\/?page_id=47","og_locale":"fr_FR","og_type":"article","og_title":"Championnat francophone - Le Festival des mots crois\u00e9s \u00e0 Is-sur-Tille","og_description":"Championnat francophoneUne fois tous les trois ans \u00e0 Is-sur-Tille\u00a0: Le Championnat francophoneCette comp\u00e9tition rassemble quelques dizaines de candidats autour de grilles refl\u00e9tant la richesse des cultures francophones. Ouverte aux habitants de tous les pays de langue fran\u00e7aise, c\u2019est la discipline la plus exigeante du Festival.En 1996, l\u2019\u00e9preuve a inaugur\u00e9 un cycle nouveau avec la cr\u00e9ation [&hellip;]","og_url":"https:\/\/festival-ismotscroises.fr\/?page_id=47","og_site_name":"Le Festival des mots crois\u00e9s \u00e0 Is-sur-Tille","article_modified_time":"2015-11-08T17:25:07+00:00","og_image":[{"url":"http:\/\/festival-ismotscroises.fr\/wp-content\/uploads\/2015\/06\/COMPETITIONS-CF.jpg"}],"twitter_card":"summary_large_image","twitter_misc":{"Dur\u00e9e de lecture estim\u00e9e":"1 minute"},"schema":{"@context":"https:\/\/schema.org","@graph":[{"@type":"WebPage","@id":"https:\/\/festival-ismotscroises.fr\/?page_id=47","url":"https:\/\/festival-ismotscroises.fr\/?page_id=47","name":"Championnat francophone - Le Festival des mots crois\u00e9s \u00e0 Is-sur-Tille","isPartOf":{"@id":"https:\/\/festival-ismotscroises.fr\/#website"},"primaryImageOfPage":{"@id":"https:\/\/festival-ismotscroises.fr\/?page_id=47#primaryimage"},"image":{"@id":"https:\/\/festival-ismotscroises.fr\/?page_id=47#primaryimage"},"thumbnailUrl":"http:\/\/festival-ismotscroises.fr\/wp-content\/uploads\/2015\/06\/COMPETITIONS-CF.jpg","datePublished":"2015-06-18T16:51:43+00:00","dateModified":"2015-11-08T17:25:07+00:00","breadcrumb":{"@id":"https:\/\/festival-ismotscroises.fr\/?page_id=47#breadcrumb"},"inLanguage":"fr-FR","potentialAction":[{"@type":"ReadAction","target":["https:\/\/festival-ismotscroises.fr\/?page_id=47"]}]},{"@type":"ImageObject","inLanguage":"fr-FR","@id":"https:\/\/festival-ismotscroises.fr\/?page_id=47#primaryimage","url":"https:\/\/festival-ismotscroises.fr\/wp-content\/uploads\/2015\/06\/COMPETITIONS-CF.jpg","contentUrl":"https:\/\/festival-ismotscroises.fr\/wp-content\/uploads\/2015\/06\/COMPETITIONS-CF.jpg","width":430,"height":430},{"@type":"BreadcrumbList","@id":"https:\/\/festival-ismotscroises.fr\/?page_id=47#breadcrumb","itemListElement":[{"@type":"ListItem","position":1,"name":"Accueil","item":"https:\/\/festival-ismotscroises.fr\/"},{"@type":"ListItem","position":2,"name":"Championnat francophone"}]},{"@type":"WebSite","@id":"https:\/\/festival-ismotscroises.fr\/#website","url":"https:\/\/festival-ismotscroises.fr\/","name":"Le Festival des mots crois\u00e9s \u00e0 Is-sur-Tille","description":"La ville d&#039;Is-sur-Tille, en C\u00f4te-d&#039;Or, organise un festival annuel de mots crois\u00e9s depuis 1990..","potentialAction":[{"@type":"SearchAction","target":{"@type":"EntryPoint","urlTemplate":"https:\/\/festival-ismotscroises.fr\/?s={search_term_string}"},"query-input":"required name=search_term_string"}],"inLanguage":"fr-FR"}]}},"_links":{"self":[{"href":"https:\/\/festival-ismotscroises.fr\/index.php?rest_route=\/wp\/v2\/pages\/47","targetHints":{"allow":["GET"]}}],"collection":[{"href":"https:\/\/festival-ismotscroises.fr\/index.php?rest_route=\/wp\/v2\/pages"}],"about":[{"href":"https:\/\/festival-ismotscroises.fr\/index.php?rest_route=\/wp\/v2\/types\/page"}],"author":[{"embeddable":true,"href":"https:\/\/festival-ismotscroises.fr\/index.php?rest_route=\/wp\/v2\/users\/2"}],"replies":[{"embeddable":true,"href":"https:\/\/festival-ismotscroises.fr\/index.php?rest_route=%2Fwp%2Fv2%2Fcomments&post=47"}],"version-history":[{"count":16,"href":"https:\/\/festival-ismotscroises.fr\/index.php?rest_route=\/wp\/v2\/pages\/47\/revisions"}],"predecessor-version":[{"id":1654,"href":"https:\/\/festival-ismotscroises.fr\/index.php?rest_route=\/wp\/v2\/pages\/47\/revisions\/1654"}],"wp:attachment":[{"href":"https:\/\/festival-ismotscroises.fr\/index.php?rest_route=%2Fwp%2Fv2%2Fmedia&parent=47"}],"curies":[{"name":"wp","href":"https:\/\/api.w.org\/{rel}","templated":true}]}}