{"id":3124,"date":"2017-05-22T18:17:11","date_gmt":"2017-05-22T16:17:11","guid":{"rendered":"http:\/\/festival-ismotscroises.fr\/?page_id=3124"},"modified":"2017-05-29T13:18:52","modified_gmt":"2017-05-29T11:18:52","slug":"tournoi-open-de-bourgogne-2","status":"publish","type":"page","link":"https:\/\/festival-ismotscroises.fr\/?page_id=3124","title":{"rendered":"Tournoi open de Bourgogne"},"content":{"rendered":"<div id=\"pl-3124\"  class=\"panel-layout\" ><div id=\"pg-3124-0\"  class=\"panel-grid panel-no-style\" ><div id=\"pgc-3124-0-0\"  class=\"panel-grid-cell\" ><div id=\"panel-3124-0-0-0\" class=\"so-panel widget panel-first-child panel-last-child\" data-index=\"0\" ><\/div><\/div><div id=\"pgc-3124-0-1\"  class=\"panel-grid-cell\" ><div id=\"panel-3124-0-1-0\" class=\"so-panel widget widget_black-studio-tinymce widget_black_studio_tinymce panel-first-child panel-last-child\" data-index=\"1\" ><div class=\"textwidget\"><p>En organisant ce dimanche 21 mai un Tournoi open de Bourgogne, Is-sur-Tille renoue avec une tradition interrompue en 2015 et 2016. Les habitu\u00e9s du Festival ont retrouv\u00e9 leurs marques sans difficult\u00e9, et quelques nouveaux visages ont fait leur apparition, se m\u00ealant avec leurs a\u00een\u00e9s dans des \u00e9quipes imm\u00e9diatement performantes.<\/p>\n<p>Dans la version solo de la rencontre, Jean-Claude Gouy s'impose devant Monique Chasseigne, tandis que la paire Daniel Ciernak\/Dominique Jacob l'emporte devant Georges Flambard\/Fran\u00e7ois Thealler. Ce dernier candidat, un familier du Tournoi des coll\u00e8ges en qualit\u00e9 de professeur-relais, faisait cette ann\u00e9e ses premiers pas dans le Tournoi de Bourgogne.<\/p>\n<p>La vocation francophone de la comp\u00e9tition est av\u00e9r\u00e9e de nouveau cette ann\u00e9e, puisque la Belgique et la Suisse \u00e9taient repr\u00e9sent\u00e9es chacune par un candidat, tandis qu'un auteur de mots crois\u00e9s s\u00e9n\u00e9galais, Ambroise Mendy, assistait en observateur \u00e0 l'ensemble du festival \u2013 une pr\u00e9sence remarqu\u00e9e, porteuse d'espoirs pour enr\u00f4ler \u00e0 l'avenir des candidats d'Afrique francophone...<\/p>\n<p>R\u00e9sultats du Tournoi des ses versions solo et duo :<\/p>\n<p><strong>Le Grand Prix Eskimos<\/strong> du dimanche matin a permis de qualifier 8 joueurs pour le tournoi solo de l'apr\u00e8s-midi:<\/p>\n<p>1 Andr\u00e9 Counson, 0 faute en 24 mn 27<br \/>2 Monique Chassseigne, 0 faute en 33 mn47<br \/>3 Mireille Borecki, 0 faute en 59 mn 46<br \/>4 Jean-Claude Gouy, 1 faute en 19 mn 45<br \/>5 Xavier Chevalier, 1 faute en 21 mn 44<br \/>6 Sylvie Gony, 1 faute en 25 mn 19<br \/>7 Fran\u00e7ois Beaufe\u00efst, 1 faute en 26 mn 29<br \/>8 Jacques Jochem, 1 faute en 30 mn 43<\/p>\n<p><strong>R\u00c9SULTATS DU TOURNOI TOURNOI SOLO<\/strong><br \/><strong>\u2022 PRINCIPAL :<\/strong><br \/>Finalistes :<br \/>1. Jean-\u00adClaude Gouy <br \/>2. Monique Chasseigne<\/p>\n<p>Demi-\u00ad\u2010finalistes :<br \/>3. Andr\u00e9 Counson<br \/>4. Sylvie Gony<\/p>\n<p><strong>\u2022 TOURNOI SOLO DE CONSOLANTE<\/strong><br \/>Finalistes :<br \/>1. Xavier Chevalier <br \/>2. Jacques Jochem<\/p>\n<p>Demi-\u00adfinalistes :<br \/>3. Mireille Borecki<br \/>4. Fran\u00e7ois Beaufe\u00efst<\/p>\n<p><strong>R\u00c9SULTATS DU TOURNOI DUO<\/strong><\/p>\n<p><strong>\u2022 PRINCIPAL :<\/strong><br \/>Finalistes :<\/p>\n<p>1. Daniel\u00a0 Ciernak \u2013 Dominique Jacob<br \/>2. Georges Flambard \u2013 Fran\u00e7ois Th\u00e9aller<\/p>\n<p>Demi-\u00adfinalistes :<br \/>3. Ren\u00e9e Devos \u2013 Marie-Paule Cierniak <br \/>4. Michel Lafon \u2013 Thierry Bruger <\/p>\n<p>Quarts\u2010de-\u00adfinalistes<br \/>5. Christian Boccon \u2013 Jo\u00ebl Mangin<br \/>6. Nadia Chasseigne \u2013 G\u00e9rard Patillon<br \/>7. Marie-No\u00eblle Mauris \u2013 Christian Bottemer<br \/>8. Jean-Claude Rouot \u2013 Fran\u00e7ois Cathenod<\/p>\n<p>TOURNOI DUO DE CONSOLANTE<\/p>\n<p>Finalistes :<br \/>1. Marie-\u00adFran\u00e7oise Modaine \u2013 Bernard Monnet<br \/>2. B\u00e9n\u00e9dicte Patillon \u2013 Mich\u00e8le Willemin <\/p>\n<p>Demi-\u00ad\u2010finalistes :<br \/>3. Cyrille Veltz \u2013 Alain Bigeard<br \/>4. Pierre Bernard \u2013 \u00c9dith Sordet<\/p>\n<p>Quarts-de-finalistes :<br \/>5. Laurent S\u00e9journant \u2013 Ambroise Mendy<\/p>\n<\/div><\/div><\/div><\/div><div id=\"pg-3124-1\"  class=\"panel-grid panel-no-style\" ><div id=\"pgc-3124-1-0\"  class=\"panel-grid-cell\" ><div id=\"panel-3124-1-0-0\" class=\"so-panel widget widget_black-studio-tinymce widget_black_studio_tinymce panel-first-child panel-last-child\" data-index=\"2\" ><div class=\"textwidget\"><\/div><\/div><\/div><\/div><\/div>","protected":false},"excerpt":{"rendered":"<p>En organisant ce dimanche 21 mai un Tournoi open de Bourgogne, Is-sur-Tille renoue avec une tradition interrompue en 2015 et 2016. Les habitu\u00e9s du Festival ont retrouv\u00e9 leurs marques sans difficult\u00e9, et quelques nouveaux visages ont fait leur apparition, se m\u00ealant avec leurs a\u00een\u00e9s dans des \u00e9quipes imm\u00e9diatement performantes.Dans la version solo de la rencontre, [&hellip;]<\/p>\n","protected":false},"author":2,"featured_media":0,"parent":0,"menu_order":0,"comment_status":"closed","ping_status":"closed","template":"","meta":{"_monsterinsights_skip_tracking":false,"_monsterinsights_sitenote_active":false,"_monsterinsights_sitenote_note":"","_monsterinsights_sitenote_category":0,"footnotes":""},"class_list":["post-3124","page","type-page","status-publish","hentry","post"],"yoast_head":"<!-- This site is optimized with the Yoast SEO plugin v22.6 - https:\/\/yoast.com\/wordpress\/plugins\/seo\/ -->\n<title>Tournoi open de Bourgogne - Le Festival des mots crois\u00e9s \u00e0 Is-sur-Tille<\/title>\n<meta name=\"robots\" content=\"index, follow, max-snippet:-1, max-image-preview:large, max-video-preview:-1\" \/>\n<link rel=\"canonical\" href=\"https:\/\/festival-ismotscroises.fr\/?page_id=3124\" \/>\n<meta property=\"og:locale\" content=\"fr_FR\" \/>\n<meta property=\"og:type\" content=\"article\" \/>\n<meta property=\"og:title\" content=\"Tournoi open de Bourgogne - Le Festival des mots crois\u00e9s \u00e0 Is-sur-Tille\" \/>\n<meta property=\"og:description\" content=\"En organisant ce dimanche 21 mai un Tournoi open de Bourgogne, Is-sur-Tille renoue avec une tradition interrompue en 2015 et 2016. Les habitu\u00e9s du Festival ont retrouv\u00e9 leurs marques sans difficult\u00e9, et quelques nouveaux visages ont fait leur apparition, se m\u00ealant avec leurs a\u00een\u00e9s dans des \u00e9quipes imm\u00e9diatement performantes.Dans la version solo de la rencontre, [&hellip;]\" \/>\n<meta property=\"og:url\" content=\"https:\/\/festival-ismotscroises.fr\/?page_id=3124\" \/>\n<meta property=\"og:site_name\" content=\"Le Festival des mots crois\u00e9s \u00e0 Is-sur-Tille\" \/>\n<meta property=\"article:modified_time\" content=\"2017-05-29T11:18:52+00:00\" \/>\n<meta name=\"twitter:card\" content=\"summary_large_image\" \/>\n<meta name=\"twitter:label1\" content=\"Dur\u00e9e de lecture estim\u00e9e\" \/>\n\t<meta name=\"twitter:data1\" content=\"2 minutes\" \/>\n<script type=\"application\/ld+json\" class=\"yoast-schema-graph\">{\"@context\":\"https:\/\/schema.org\",\"@graph\":[{\"@type\":\"WebPage\",\"@id\":\"https:\/\/festival-ismotscroises.fr\/?page_id=3124\",\"url\":\"https:\/\/festival-ismotscroises.fr\/?page_id=3124\",\"name\":\"Tournoi open de Bourgogne - Le Festival des mots crois\u00e9s \u00e0 Is-sur-Tille\",\"isPartOf\":{\"@id\":\"https:\/\/festival-ismotscroises.fr\/#website\"},\"datePublished\":\"2017-05-22T16:17:11+00:00\",\"dateModified\":\"2017-05-29T11:18:52+00:00\",\"breadcrumb\":{\"@id\":\"https:\/\/festival-ismotscroises.fr\/?page_id=3124#breadcrumb\"},\"inLanguage\":\"fr-FR\",\"potentialAction\":[{\"@type\":\"ReadAction\",\"target\":[\"https:\/\/festival-ismotscroises.fr\/?page_id=3124\"]}]},{\"@type\":\"BreadcrumbList\",\"@id\":\"https:\/\/festival-ismotscroises.fr\/?page_id=3124#breadcrumb\",\"itemListElement\":[{\"@type\":\"ListItem\",\"position\":1,\"name\":\"Accueil\",\"item\":\"https:\/\/festival-ismotscroises.fr\/\"},{\"@type\":\"ListItem\",\"position\":2,\"name\":\"Tournoi open de Bourgogne\"}]},{\"@type\":\"WebSite\",\"@id\":\"https:\/\/festival-ismotscroises.fr\/#website\",\"url\":\"https:\/\/festival-ismotscroises.fr\/\",\"name\":\"Le Festival des mots crois\u00e9s \u00e0 Is-sur-Tille\",\"description\":\"La ville d&#039;Is-sur-Tille, en C\u00f4te-d&#039;Or, organise un festival annuel de mots crois\u00e9s depuis 1990..\",\"potentialAction\":[{\"@type\":\"SearchAction\",\"target\":{\"@type\":\"EntryPoint\",\"urlTemplate\":\"https:\/\/festival-ismotscroises.fr\/?s={search_term_string}\"},\"query-input\":\"required name=search_term_string\"}],\"inLanguage\":\"fr-FR\"}]}<\/script>\n<!-- \/ Yoast SEO plugin. -->","yoast_head_json":{"title":"Tournoi open de Bourgogne - Le Festival des mots crois\u00e9s \u00e0 Is-sur-Tille","robots":{"index":"index","follow":"follow","max-snippet":"max-snippet:-1","max-image-preview":"max-image-preview:large","max-video-preview":"max-video-preview:-1"},"canonical":"https:\/\/festival-ismotscroises.fr\/?page_id=3124","og_locale":"fr_FR","og_type":"article","og_title":"Tournoi open de Bourgogne - Le Festival des mots crois\u00e9s \u00e0 Is-sur-Tille","og_description":"En organisant ce dimanche 21 mai un Tournoi open de Bourgogne, Is-sur-Tille renoue avec une tradition interrompue en 2015 et 2016. Les habitu\u00e9s du Festival ont retrouv\u00e9 leurs marques sans difficult\u00e9, et quelques nouveaux visages ont fait leur apparition, se m\u00ealant avec leurs a\u00een\u00e9s dans des \u00e9quipes imm\u00e9diatement performantes.Dans la version solo de la rencontre, [&hellip;]","og_url":"https:\/\/festival-ismotscroises.fr\/?page_id=3124","og_site_name":"Le Festival des mots crois\u00e9s \u00e0 Is-sur-Tille","article_modified_time":"2017-05-29T11:18:52+00:00","twitter_card":"summary_large_image","twitter_misc":{"Dur\u00e9e de lecture estim\u00e9e":"2 minutes"},"schema":{"@context":"https:\/\/schema.org","@graph":[{"@type":"WebPage","@id":"https:\/\/festival-ismotscroises.fr\/?page_id=3124","url":"https:\/\/festival-ismotscroises.fr\/?page_id=3124","name":"Tournoi open de Bourgogne - Le Festival des mots crois\u00e9s \u00e0 Is-sur-Tille","isPartOf":{"@id":"https:\/\/festival-ismotscroises.fr\/#website"},"datePublished":"2017-05-22T16:17:11+00:00","dateModified":"2017-05-29T11:18:52+00:00","breadcrumb":{"@id":"https:\/\/festival-ismotscroises.fr\/?page_id=3124#breadcrumb"},"inLanguage":"fr-FR","potentialAction":[{"@type":"ReadAction","target":["https:\/\/festival-ismotscroises.fr\/?page_id=3124"]}]},{"@type":"BreadcrumbList","@id":"https:\/\/festival-ismotscroises.fr\/?page_id=3124#breadcrumb","itemListElement":[{"@type":"ListItem","position":1,"name":"Accueil","item":"https:\/\/festival-ismotscroises.fr\/"},{"@type":"ListItem","position":2,"name":"Tournoi open de Bourgogne"}]},{"@type":"WebSite","@id":"https:\/\/festival-ismotscroises.fr\/#website","url":"https:\/\/festival-ismotscroises.fr\/","name":"Le Festival des mots crois\u00e9s \u00e0 Is-sur-Tille","description":"La ville d&#039;Is-sur-Tille, en C\u00f4te-d&#039;Or, organise un festival annuel de mots crois\u00e9s depuis 1990..","potentialAction":[{"@type":"SearchAction","target":{"@type":"EntryPoint","urlTemplate":"https:\/\/festival-ismotscroises.fr\/?s={search_term_string}"},"query-input":"required name=search_term_string"}],"inLanguage":"fr-FR"}]}},"_links":{"self":[{"href":"https:\/\/festival-ismotscroises.fr\/index.php?rest_route=\/wp\/v2\/pages\/3124","targetHints":{"allow":["GET"]}}],"collection":[{"href":"https:\/\/festival-ismotscroises.fr\/index.php?rest_route=\/wp\/v2\/pages"}],"about":[{"href":"https:\/\/festival-ismotscroises.fr\/index.php?rest_route=\/wp\/v2\/types\/page"}],"author":[{"embeddable":true,"href":"https:\/\/festival-ismotscroises.fr\/index.php?rest_route=\/wp\/v2\/users\/2"}],"replies":[{"embeddable":true,"href":"https:\/\/festival-ismotscroises.fr\/index.php?rest_route=%2Fwp%2Fv2%2Fcomments&post=3124"}],"version-history":[{"count":25,"href":"https:\/\/festival-ismotscroises.fr\/index.php?rest_route=\/wp\/v2\/pages\/3124\/revisions"}],"predecessor-version":[{"id":3214,"href":"https:\/\/festival-ismotscroises.fr\/index.php?rest_route=\/wp\/v2\/pages\/3124\/revisions\/3214"}],"wp:attachment":[{"href":"https:\/\/festival-ismotscroises.fr\/index.php?rest_route=%2Fwp%2Fv2%2Fmedia&parent=3124"}],"curies":[{"name":"wp","href":"https:\/\/api.w.org\/{rel}","templated":true}]}}