{"id":2188,"date":"2016-05-23T20:08:29","date_gmt":"2016-05-23T18:08:29","guid":{"rendered":"http:\/\/festival-ismotscroises.fr\/?page_id=2188"},"modified":"2016-11-06T10:47:14","modified_gmt":"2016-11-06T09:47:14","slug":"le-tournoi-des-adultes","status":"publish","type":"page","link":"https:\/\/festival-ismotscroises.fr\/?page_id=2188","title":{"rendered":"Le tournoi local 2016"},"content":{"rendered":"<div id=\"pl-2188\"  class=\"panel-layout\" ><div id=\"pg-2188-0\"  class=\"panel-grid panel-no-style\" ><div id=\"pgc-2188-0-0\"  class=\"panel-grid-cell\" ><div id=\"panel-2188-0-0-0\" class=\"so-panel widget panel-first-child panel-last-child\" data-index=\"0\" ><\/div><\/div><div id=\"pgc-2188-0-1\"  class=\"panel-grid-cell\" ><div id=\"panel-2188-0-1-0\" class=\"so-panel widget widget_black-studio-tinymce widget_black_studio_tinymce panel-first-child panel-last-child\" data-index=\"1\" ><div class=\"textwidget\"><p>Le tournoi local, vendredi 20 mai 2016<\/p>\n<p>Dix-huit candidats \u00e9taient pr\u00e9sents pour cette rencontre qui reprenait la tradition du Tournoi des Trois Rivi\u00e8res interrompue en 2004. Des joueurs nouveaux se sont joints aux champions locaux pour une comp\u00e9tition amicale, sans enjeu important. La paire Sylviane Truchot\/Michel Lafond gagne le dernier match devant Jocelyne Fleurey\/Jean-Pierre Chenelle.<br \/> &gt;&gt; Pour plus de d\u00e9tail, on peut consulter le <a href=\"http:\/\/jeanrossat.fr\/2016\/05\/remue-meninges-a-is\/\" target=\"_blank\">blog de Jean Rossat<\/a>, auteur des grilles et animateur du tournoi.<\/p>\n<\/div><\/div><\/div><\/div><div id=\"pg-2188-1\"  class=\"panel-grid panel-no-style\" ><div id=\"pgc-2188-1-0\"  class=\"panel-grid-cell\" ><div id=\"panel-2188-1-0-0\" class=\"so-panel widget widget_black-studio-tinymce widget_black_studio_tinymce panel-first-child panel-last-child\" data-index=\"2\" ><div class=\"textwidget\"><p><img loading=\"lazy\" decoding=\"async\" class=\"alignnone size-thumbnail wp-image-916 alignright\" src=\"http:\/\/festival-ismotscroises.fr\/wp-content\/uploads\/2015\/06\/SLIDER1-S1L2-150x150.png\" alt=\"SLIDER1-S1L2\" width=\"150\" height=\"150\" \/><\/p>\n<\/div><\/div><\/div><\/div><\/div>","protected":false},"excerpt":{"rendered":"<p>Le tournoi local, vendredi 20 mai 2016Dix-huit candidats \u00e9taient pr\u00e9sents pour cette rencontre qui reprenait la tradition du Tournoi des Trois Rivi\u00e8res interrompue en 2004. Des joueurs nouveaux se sont joints aux champions locaux pour une comp\u00e9tition amicale, sans enjeu important. La paire Sylviane Truchot\/Michel Lafond gagne le dernier match devant Jocelyne Fleurey\/Jean-Pierre Chenelle. &gt;&gt; [&hellip;]<\/p>\n","protected":false},"author":2,"featured_media":0,"parent":0,"menu_order":0,"comment_status":"closed","ping_status":"closed","template":"","meta":{"_monsterinsights_skip_tracking":false,"_monsterinsights_sitenote_active":false,"_monsterinsights_sitenote_note":"","_monsterinsights_sitenote_category":0,"footnotes":""},"class_list":["post-2188","page","type-page","status-publish","hentry","post"],"yoast_head":"<!-- This site is optimized with the Yoast SEO plugin v22.6 - https:\/\/yoast.com\/wordpress\/plugins\/seo\/ -->\n<title>Le tournoi local 2016 - Le Festival des mots crois\u00e9s \u00e0 Is-sur-Tille<\/title>\n<meta name=\"robots\" content=\"index, follow, max-snippet:-1, max-image-preview:large, max-video-preview:-1\" \/>\n<link rel=\"canonical\" href=\"https:\/\/festival-ismotscroises.fr\/?page_id=2188\" \/>\n<meta property=\"og:locale\" content=\"fr_FR\" \/>\n<meta property=\"og:type\" content=\"article\" \/>\n<meta property=\"og:title\" content=\"Le tournoi local 2016 - Le Festival des mots crois\u00e9s \u00e0 Is-sur-Tille\" \/>\n<meta property=\"og:description\" content=\"Le tournoi local, vendredi 20 mai 2016Dix-huit candidats \u00e9taient pr\u00e9sents pour cette rencontre qui reprenait la tradition du Tournoi des Trois Rivi\u00e8res interrompue en 2004. Des joueurs nouveaux se sont joints aux champions locaux pour une comp\u00e9tition amicale, sans enjeu important. La paire Sylviane Truchot\/Michel Lafond gagne le dernier match devant Jocelyne Fleurey\/Jean-Pierre Chenelle. &gt;&gt; [&hellip;]\" \/>\n<meta property=\"og:url\" content=\"https:\/\/festival-ismotscroises.fr\/?page_id=2188\" \/>\n<meta property=\"og:site_name\" content=\"Le Festival des mots crois\u00e9s \u00e0 Is-sur-Tille\" \/>\n<meta property=\"article:modified_time\" content=\"2016-11-06T09:47:14+00:00\" \/>\n<meta property=\"og:image\" content=\"http:\/\/festival-ismotscroises.fr\/wp-content\/plugins\/easy-media-gallery-pro\/includes\/images\/trans.png\" \/>\n<meta name=\"twitter:card\" content=\"summary_large_image\" \/>\n<script type=\"application\/ld+json\" class=\"yoast-schema-graph\">{\"@context\":\"https:\/\/schema.org\",\"@graph\":[{\"@type\":\"WebPage\",\"@id\":\"https:\/\/festival-ismotscroises.fr\/?page_id=2188\",\"url\":\"https:\/\/festival-ismotscroises.fr\/?page_id=2188\",\"name\":\"Le tournoi local 2016 - Le Festival des mots crois\u00e9s \u00e0 Is-sur-Tille\",\"isPartOf\":{\"@id\":\"https:\/\/festival-ismotscroises.fr\/#website\"},\"primaryImageOfPage\":{\"@id\":\"https:\/\/festival-ismotscroises.fr\/?page_id=2188#primaryimage\"},\"image\":{\"@id\":\"https:\/\/festival-ismotscroises.fr\/?page_id=2188#primaryimage\"},\"thumbnailUrl\":\"http:\/\/festival-ismotscroises.fr\/wp-content\/plugins\/easy-media-gallery-pro\/includes\/images\/trans.png\",\"datePublished\":\"2016-05-23T18:08:29+00:00\",\"dateModified\":\"2016-11-06T09:47:14+00:00\",\"breadcrumb\":{\"@id\":\"https:\/\/festival-ismotscroises.fr\/?page_id=2188#breadcrumb\"},\"inLanguage\":\"fr-FR\",\"potentialAction\":[{\"@type\":\"ReadAction\",\"target\":[\"https:\/\/festival-ismotscroises.fr\/?page_id=2188\"]}]},{\"@type\":\"ImageObject\",\"inLanguage\":\"fr-FR\",\"@id\":\"https:\/\/festival-ismotscroises.fr\/?page_id=2188#primaryimage\",\"url\":\"http:\/\/festival-ismotscroises.fr\/wp-content\/plugins\/easy-media-gallery-pro\/includes\/images\/trans.png\",\"contentUrl\":\"http:\/\/festival-ismotscroises.fr\/wp-content\/plugins\/easy-media-gallery-pro\/includes\/images\/trans.png\"},{\"@type\":\"BreadcrumbList\",\"@id\":\"https:\/\/festival-ismotscroises.fr\/?page_id=2188#breadcrumb\",\"itemListElement\":[{\"@type\":\"ListItem\",\"position\":1,\"name\":\"Accueil\",\"item\":\"https:\/\/festival-ismotscroises.fr\/\"},{\"@type\":\"ListItem\",\"position\":2,\"name\":\"Le tournoi local 2016\"}]},{\"@type\":\"WebSite\",\"@id\":\"https:\/\/festival-ismotscroises.fr\/#website\",\"url\":\"https:\/\/festival-ismotscroises.fr\/\",\"name\":\"Le Festival des mots crois\u00e9s \u00e0 Is-sur-Tille\",\"description\":\"La ville d&#039;Is-sur-Tille, en C\u00f4te-d&#039;Or, organise un festival annuel de mots crois\u00e9s depuis 1990..\",\"potentialAction\":[{\"@type\":\"SearchAction\",\"target\":{\"@type\":\"EntryPoint\",\"urlTemplate\":\"https:\/\/festival-ismotscroises.fr\/?s={search_term_string}\"},\"query-input\":\"required name=search_term_string\"}],\"inLanguage\":\"fr-FR\"}]}<\/script>\n<!-- \/ Yoast SEO plugin. -->","yoast_head_json":{"title":"Le tournoi local 2016 - Le Festival des mots crois\u00e9s \u00e0 Is-sur-Tille","robots":{"index":"index","follow":"follow","max-snippet":"max-snippet:-1","max-image-preview":"max-image-preview:large","max-video-preview":"max-video-preview:-1"},"canonical":"https:\/\/festival-ismotscroises.fr\/?page_id=2188","og_locale":"fr_FR","og_type":"article","og_title":"Le tournoi local 2016 - Le Festival des mots crois\u00e9s \u00e0 Is-sur-Tille","og_description":"Le tournoi local, vendredi 20 mai 2016Dix-huit candidats \u00e9taient pr\u00e9sents pour cette rencontre qui reprenait la tradition du Tournoi des Trois Rivi\u00e8res interrompue en 2004. Des joueurs nouveaux se sont joints aux champions locaux pour une comp\u00e9tition amicale, sans enjeu important. La paire Sylviane Truchot\/Michel Lafond gagne le dernier match devant Jocelyne Fleurey\/Jean-Pierre Chenelle. &gt;&gt; [&hellip;]","og_url":"https:\/\/festival-ismotscroises.fr\/?page_id=2188","og_site_name":"Le Festival des mots crois\u00e9s \u00e0 Is-sur-Tille","article_modified_time":"2016-11-06T09:47:14+00:00","og_image":[{"url":"http:\/\/festival-ismotscroises.fr\/wp-content\/plugins\/easy-media-gallery-pro\/includes\/images\/trans.png"}],"twitter_card":"summary_large_image","schema":{"@context":"https:\/\/schema.org","@graph":[{"@type":"WebPage","@id":"https:\/\/festival-ismotscroises.fr\/?page_id=2188","url":"https:\/\/festival-ismotscroises.fr\/?page_id=2188","name":"Le tournoi local 2016 - Le Festival des mots crois\u00e9s \u00e0 Is-sur-Tille","isPartOf":{"@id":"https:\/\/festival-ismotscroises.fr\/#website"},"primaryImageOfPage":{"@id":"https:\/\/festival-ismotscroises.fr\/?page_id=2188#primaryimage"},"image":{"@id":"https:\/\/festival-ismotscroises.fr\/?page_id=2188#primaryimage"},"thumbnailUrl":"http:\/\/festival-ismotscroises.fr\/wp-content\/plugins\/easy-media-gallery-pro\/includes\/images\/trans.png","datePublished":"2016-05-23T18:08:29+00:00","dateModified":"2016-11-06T09:47:14+00:00","breadcrumb":{"@id":"https:\/\/festival-ismotscroises.fr\/?page_id=2188#breadcrumb"},"inLanguage":"fr-FR","potentialAction":[{"@type":"ReadAction","target":["https:\/\/festival-ismotscroises.fr\/?page_id=2188"]}]},{"@type":"ImageObject","inLanguage":"fr-FR","@id":"https:\/\/festival-ismotscroises.fr\/?page_id=2188#primaryimage","url":"http:\/\/festival-ismotscroises.fr\/wp-content\/plugins\/easy-media-gallery-pro\/includes\/images\/trans.png","contentUrl":"http:\/\/festival-ismotscroises.fr\/wp-content\/plugins\/easy-media-gallery-pro\/includes\/images\/trans.png"},{"@type":"BreadcrumbList","@id":"https:\/\/festival-ismotscroises.fr\/?page_id=2188#breadcrumb","itemListElement":[{"@type":"ListItem","position":1,"name":"Accueil","item":"https:\/\/festival-ismotscroises.fr\/"},{"@type":"ListItem","position":2,"name":"Le tournoi local 2016"}]},{"@type":"WebSite","@id":"https:\/\/festival-ismotscroises.fr\/#website","url":"https:\/\/festival-ismotscroises.fr\/","name":"Le Festival des mots crois\u00e9s \u00e0 Is-sur-Tille","description":"La ville d&#039;Is-sur-Tille, en C\u00f4te-d&#039;Or, organise un festival annuel de mots crois\u00e9s depuis 1990..","potentialAction":[{"@type":"SearchAction","target":{"@type":"EntryPoint","urlTemplate":"https:\/\/festival-ismotscroises.fr\/?s={search_term_string}"},"query-input":"required name=search_term_string"}],"inLanguage":"fr-FR"}]}},"_links":{"self":[{"href":"https:\/\/festival-ismotscroises.fr\/index.php?rest_route=\/wp\/v2\/pages\/2188","targetHints":{"allow":["GET"]}}],"collection":[{"href":"https:\/\/festival-ismotscroises.fr\/index.php?rest_route=\/wp\/v2\/pages"}],"about":[{"href":"https:\/\/festival-ismotscroises.fr\/index.php?rest_route=\/wp\/v2\/types\/page"}],"author":[{"embeddable":true,"href":"https:\/\/festival-ismotscroises.fr\/index.php?rest_route=\/wp\/v2\/users\/2"}],"replies":[{"embeddable":true,"href":"https:\/\/festival-ismotscroises.fr\/index.php?rest_route=%2Fwp%2Fv2%2Fcomments&post=2188"}],"version-history":[{"count":6,"href":"https:\/\/festival-ismotscroises.fr\/index.php?rest_route=\/wp\/v2\/pages\/2188\/revisions"}],"predecessor-version":[{"id":2623,"href":"https:\/\/festival-ismotscroises.fr\/index.php?rest_route=\/wp\/v2\/pages\/2188\/revisions\/2623"}],"wp:attachment":[{"href":"https:\/\/festival-ismotscroises.fr\/index.php?rest_route=%2Fwp%2Fv2%2Fmedia&parent=2188"}],"curies":[{"name":"wp","href":"https:\/\/api.w.org\/{rel}","templated":true}]}}