{"id":1938,"date":"2016-03-16T11:10:29","date_gmt":"2016-03-16T10:10:29","guid":{"rendered":"http:\/\/festival-ismotscroises.fr\/?page_id=1938"},"modified":"2016-09-17T17:30:00","modified_gmt":"2016-09-17T15:30:00","slug":"dossier-presse-2016-3","status":"publish","type":"page","link":"https:\/\/festival-ismotscroises.fr\/?page_id=1938","title":{"rendered":"Dossier presse 2016"},"content":{"rendered":"<div id=\"pl-1938\"  class=\"panel-layout\" ><div id=\"pg-1938-0\"  class=\"panel-grid panel-no-style\" ><div id=\"pgc-1938-0-0\"  class=\"panel-grid-cell\" ><div id=\"panel-1938-0-0-0\" class=\"so-panel widget widget_black-studio-tinymce widget_black_studio_tinymce panel-first-child panel-last-child\" data-index=\"0\" ><div class=\"textwidget\"><p><a href=\"http:\/\/festival-ismotscroises.fr\/wp-content\/uploads\/2016\/05\/Le_BP_2016_05_26.pdf\" target=\"_blank\"><img loading=\"lazy\" decoding=\"async\" class=\"size-thumbnail wp-image-2316 aligncenter\" src=\"http:\/\/festival-ismotscroises.fr\/wp-content\/uploads\/2016\/05\/Le_BP_2016_05_26-150x150.jpg\" alt=\"Le_BP_2016_05_26\" width=\"150\" height=\"150\" \/><\/a><\/p>\n<p style=\"text-align: center;\">Le Bien Public - 26 mai 2016<\/p>\n<\/div><\/div><\/div><div id=\"pgc-1938-0-1\"  class=\"panel-grid-cell\" ><div id=\"panel-1938-0-1-0\" class=\"so-panel widget widget_black-studio-tinymce widget_black_studio_tinymce panel-first-child panel-last-child\" data-index=\"1\" ><div class=\"textwidget\"><p style=\"text-align: center;\"><a href=\"http:\/\/festival-ismotscroises.fr\/wp-content\/uploads\/2016\/09\/Le_Point_11ao\u00fbt2016_mots_crois\u00e9s_low_res.pdf\" target=\"_blank\"><img loading=\"lazy\" decoding=\"async\" class=\"size-thumbnail wp-image-2344 aligncenter\" src=\"http:\/\/festival-ismotscroises.fr\/wp-content\/uploads\/2016\/09\/Le_Point_11ao\u00fbt2016_page51_texte_fluo_avec_fl\u00e8che-150x150.jpg\" alt=\"le_point_11aout2016_page51_texte_fluo_avec_fleche\" width=\"150\" height=\"150\" \/><\/a>Le Point \u2013 11 ao\u00fbt 2016. Page 51, les tournois d'Is-sur-Tille<\/p>\n<\/div><\/div><\/div><div id=\"pgc-1938-0-2\"  class=\"panel-grid-cell panel-grid-cell-mobile-last\" ><div id=\"panel-1938-0-2-0\" class=\"so-panel widget widget_black-studio-tinymce widget_black_studio_tinymce panel-first-child panel-last-child\" data-index=\"2\" ><div class=\"textwidget\"><p style=\"text-align: center;\"><a href=\"http:\/\/festival-ismotscroises.fr\/wp-content\/uploads\/2016\/09\/LePointCom83.pdf\" target=\"_blank\"><img loading=\"lazy\" decoding=\"async\" class=\"size-thumbnail wp-image-2347 aligncenter\" src=\"http:\/\/festival-ismotscroises.fr\/wp-content\/uploads\/2016\/09\/LePointCom83-150x150.jpg\" alt=\"lepointcom83\" width=\"150\" height=\"150\" \/><\/a><\/p>\n<p style=\"text-align: center;\">Le Point Com n\u00b083, septembre 2016<\/p>\n<\/div><\/div><\/div><div id=\"pgc-1938-0-3\"  class=\"panel-grid-cell panel-grid-cell-empty\" ><\/div><\/div><div id=\"pg-1938-1\"  class=\"panel-grid panel-no-style\" ><div id=\"pgc-1938-1-0\"  class=\"panel-grid-cell\" ><div id=\"panel-1938-1-0-0\" class=\"so-panel widget widget_black-studio-tinymce widget_black_studio_tinymce panel-first-child panel-last-child\" data-index=\"3\" ><div class=\"textwidget\"><p><a href=\"http:\/\/festival-ismotscroises.fr\/wp-content\/uploads\/2016\/05\/Le_BP_2016_05_20.pdf\" target=\"_blank\"><img loading=\"lazy\" decoding=\"async\" class=\"size-thumbnail wp-image-2314 aligncenter\" src=\"http:\/\/festival-ismotscroises.fr\/wp-content\/uploads\/2016\/05\/Le_BP_2016_05_20-150x150.jpg\" alt=\"Le_BP_2016_05_20\" width=\"150\" height=\"150\" \/><\/a><\/p>\n<p style=\"text-align: center;\">Le Bien Public - 20 mai 2016<\/p>\n<\/div><\/div><\/div><div id=\"pgc-1938-1-1\"  class=\"panel-grid-cell\" ><div id=\"panel-1938-1-1-0\" class=\"so-panel widget widget_black-studio-tinymce widget_black_studio_tinymce panel-first-child panel-last-child\" data-index=\"4\" ><div class=\"textwidget\"><p><a href=\"http:\/\/festival-ismotscroises.fr\/wp-content\/uploads\/2016\/05\/agenda_Point_Com.png\" data-rel=\"lightbox-image-0\" data-rl_title=\"\" data-rl_caption=\"\" title=\"\"><img loading=\"lazy\" decoding=\"async\" class=\"aligncenter wp-image-2133 size-thumbnail\" src=\"http:\/\/festival-ismotscroises.fr\/wp-content\/uploads\/2016\/05\/agenda_Point_Com-150x150.png\" alt=\"agenda_Point_Com\" width=\"150\" height=\"150\" \/><\/a><\/p>\n<p style=\"text-align: center;\">Agenda du Point Com \u2013 mai-ao\u00fbt 2016<\/p>\n<\/div><\/div><\/div><div id=\"pgc-1938-1-2\"  class=\"panel-grid-cell\" ><div id=\"panel-1938-1-2-0\" class=\"so-panel widget widget_black-studio-tinymce widget_black_studio_tinymce panel-first-child panel-last-child\" data-index=\"5\" ><div class=\"textwidget\"><p><a href=\"http:\/\/festival-ismotscroises.fr\/wp-content\/uploads\/2016\/05\/Point_Com_mai_2016.pdf\" target=\"_blank\"><img loading=\"lazy\" decoding=\"async\" class=\"aligncenter wp-image-2114 size-thumbnail\" src=\"http:\/\/festival-ismotscroises.fr\/wp-content\/uploads\/2016\/05\/Point_Com_mai_2016-150x150.jpg\" alt=\"Point_Com_mai_2016\" width=\"150\" height=\"150\" \/><\/a><\/p>\n<p style=\"text-align: center;\">Le Point Com n\u00b0 82, mai-ao\u00fbt 2016<\/p>\n<\/div><\/div><\/div><div id=\"pgc-1938-1-3\"  class=\"panel-grid-cell\" ><div id=\"panel-1938-1-3-0\" class=\"so-panel widget widget_black-studio-tinymce widget_black_studio_tinymce panel-first-child panel-last-child\" data-index=\"6\" ><div class=\"textwidget\"><p style=\"text-align: center;\"><a href=\"http:\/\/festival-ismotscroises.fr\/wp-content\/uploads\/2016\/03\/Le_BP_2016_03_18.pdf\" target=\"_blank\"><img loading=\"lazy\" decoding=\"async\" class=\"size-thumbnail wp-image-2008 aligncenter\" src=\"http:\/\/festival-ismotscroises.fr\/wp-content\/uploads\/2016\/03\/Le_BP_2016_03_18-150x150.jpg\" alt=\"Le Bien Public - 18 mars 2016\" width=\"150\" height=\"150\" \/><\/a> Le Bien Public - 18 mars 2016<\/p>\n<\/div><\/div><\/div><\/div><div id=\"pg-1938-2\"  class=\"panel-grid panel-no-style\" ><div id=\"pgc-1938-2-0\"  class=\"panel-grid-cell\" ><div id=\"panel-1938-2-0-0\" class=\"so-panel widget widget_black-studio-tinymce widget_black_studio_tinymce panel-first-child panel-last-child\" data-index=\"7\" ><div class=\"textwidget\"><p style=\"text-align: center;\"><a href=\"http:\/\/festival-ismotscroises.fr\/wp-content\/uploads\/2016\/03\/Le_BP_2016_03_11.pdf\" target=\"_blank\"><img loading=\"lazy\" decoding=\"async\" class=\"size-thumbnail wp-image-1947 aligncenter\" src=\"http:\/\/festival-ismotscroises.fr\/wp-content\/uploads\/2016\/03\/Le_BP_2016_03_11-150x150.jpg\" alt=\"Le Bien Public - 11 mars 2016\" width=\"150\" height=\"150\" \/><\/a> Le Bien Public - 11 mars 2016<\/p>\n<\/div><\/div><\/div><div id=\"pgc-1938-2-1\"  class=\"panel-grid-cell\" ><div id=\"panel-1938-2-1-0\" class=\"so-panel widget widget_black-studio-tinymce widget_black_studio_tinymce panel-first-child panel-last-child\" data-index=\"8\" ><div class=\"textwidget\"><p style=\"text-align: center;\"><a href=\"http:\/\/festival-ismotscroises.fr\/wp-content\/uploads\/2016\/03\/Le_BP_2016_02-29.pdf\" target=\"_blank\"><img loading=\"lazy\" decoding=\"async\" class=\"size-thumbnail wp-image-1945 aligncenter\" src=\"http:\/\/festival-ismotscroises.fr\/wp-content\/uploads\/2016\/03\/Le_BP_2016_02_29-150x150.jpg\" alt=\"Le Bien Public - 29 f\u00e9vrier 2016\" width=\"150\" height=\"150\" \/><\/a> Le Bien Public - 29 f\u00e9vrier 2016<\/p>\n<\/div><\/div><\/div><div id=\"pgc-1938-2-2\"  class=\"panel-grid-cell\" ><div id=\"panel-1938-2-2-0\" class=\"so-panel widget widget_black-studio-tinymce widget_black_studio_tinymce panel-first-child panel-last-child\" data-index=\"9\" ><div class=\"textwidget\"><p style=\"text-align: center;\"><a href=\"http:\/\/festival-ismotscroises.fr\/wp-content\/uploads\/2016\/03\/Le_BP_2016_01_27.pdf\" target=\"_blank\"><img loading=\"lazy\" decoding=\"async\" class=\"size-thumbnail wp-image-1952 aligncenter\" src=\"http:\/\/festival-ismotscroises.fr\/wp-content\/uploads\/2016\/03\/Le_BP_2016_01_27-150x150.jpg\" alt=\"Le Bien Public - 27 janvier 2016\" width=\"150\" height=\"150\" \/><\/a> Le Bien Public - 27 janvier 2016<\/p>\n<\/div><\/div><\/div><div id=\"pgc-1938-2-3\"  class=\"panel-grid-cell\" ><div id=\"panel-1938-2-3-0\" class=\"so-panel widget widget_black-studio-tinymce widget_black_studio_tinymce panel-first-child panel-last-child\" data-index=\"10\" ><div class=\"textwidget\"><p style=\"text-align: center;\"><a href=\"http:\/\/festival-ismotscroises.fr\/wp-content\/uploads\/2016\/03\/Point_Com_janvier_2016.pdf\" target=\"_blank\"><img loading=\"lazy\" decoding=\"async\" class=\"size-thumbnail wp-image-1961 aligncenter\" src=\"http:\/\/festival-ismotscroises.fr\/wp-content\/uploads\/2016\/03\/Point_Com_janvier_2016-150x150.jpg\" alt=\"Le Point Com, janvier 2016\" width=\"150\" height=\"150\" \/><\/a> Le Point Com, janvier 2016<\/p>\n<\/div><\/div><\/div><\/div><\/div>","protected":false},"excerpt":{"rendered":"<p>Le Bien Public &#8211; 26 mai 2016 Le Point \u2013 11 ao\u00fbt 2016. Page 51, les tournois d&rsquo;Is-sur-Tille Le Point Com n\u00b083, septembre 2016 Le Bien Public &#8211; 20 mai 2016 Agenda du Point Com \u2013 mai-ao\u00fbt 2016 Le Point Com n\u00b0 82, mai-ao\u00fbt 2016 Le Bien Public &#8211; 18 mars 2016<\/p>\n","protected":false},"author":2,"featured_media":0,"parent":0,"menu_order":0,"comment_status":"closed","ping_status":"closed","template":"","meta":{"_monsterinsights_skip_tracking":false,"_monsterinsights_sitenote_active":false,"_monsterinsights_sitenote_note":"","_monsterinsights_sitenote_category":0,"footnotes":""},"class_list":["post-1938","page","type-page","status-publish","hentry","post"],"yoast_head":"<!-- This site is optimized with the Yoast SEO plugin v22.6 - https:\/\/yoast.com\/wordpress\/plugins\/seo\/ -->\n<title>Dossier presse 2016 - Le Festival des mots crois\u00e9s \u00e0 Is-sur-Tille<\/title>\n<meta name=\"robots\" content=\"index, follow, max-snippet:-1, max-image-preview:large, max-video-preview:-1\" \/>\n<link rel=\"canonical\" href=\"https:\/\/festival-ismotscroises.fr\/?page_id=1938\" \/>\n<meta property=\"og:locale\" content=\"fr_FR\" \/>\n<meta property=\"og:type\" content=\"article\" \/>\n<meta property=\"og:title\" content=\"Dossier presse 2016 - Le Festival des mots crois\u00e9s \u00e0 Is-sur-Tille\" \/>\n<meta property=\"og:description\" content=\"Le Bien Public - 26 mai 2016 Le Point \u2013 11 ao\u00fbt 2016. Page 51, les tournois d&#039;Is-sur-Tille Le Point Com n\u00b083, septembre 2016 Le Bien Public - 20 mai 2016 Agenda du Point Com \u2013 mai-ao\u00fbt 2016 Le Point Com n\u00b0 82, mai-ao\u00fbt 2016 Le Bien Public - 18 mars 2016\" \/>\n<meta property=\"og:url\" content=\"https:\/\/festival-ismotscroises.fr\/?page_id=1938\" \/>\n<meta property=\"og:site_name\" content=\"Le Festival des mots crois\u00e9s \u00e0 Is-sur-Tille\" \/>\n<meta property=\"article:modified_time\" content=\"2016-09-17T15:30:00+00:00\" \/>\n<meta property=\"og:image\" content=\"http:\/\/festival-ismotscroises.fr\/wp-content\/uploads\/2016\/05\/Le_BP_2016_05_26-150x150.jpg\" \/>\n<meta name=\"twitter:card\" content=\"summary_large_image\" \/>\n<script type=\"application\/ld+json\" class=\"yoast-schema-graph\">{\"@context\":\"https:\/\/schema.org\",\"@graph\":[{\"@type\":\"WebPage\",\"@id\":\"https:\/\/festival-ismotscroises.fr\/?page_id=1938\",\"url\":\"https:\/\/festival-ismotscroises.fr\/?page_id=1938\",\"name\":\"Dossier presse 2016 - Le Festival des mots crois\u00e9s \u00e0 Is-sur-Tille\",\"isPartOf\":{\"@id\":\"https:\/\/festival-ismotscroises.fr\/#website\"},\"primaryImageOfPage\":{\"@id\":\"https:\/\/festival-ismotscroises.fr\/?page_id=1938#primaryimage\"},\"image\":{\"@id\":\"https:\/\/festival-ismotscroises.fr\/?page_id=1938#primaryimage\"},\"thumbnailUrl\":\"http:\/\/festival-ismotscroises.fr\/wp-content\/uploads\/2016\/05\/Le_BP_2016_05_26-150x150.jpg\",\"datePublished\":\"2016-03-16T10:10:29+00:00\",\"dateModified\":\"2016-09-17T15:30:00+00:00\",\"breadcrumb\":{\"@id\":\"https:\/\/festival-ismotscroises.fr\/?page_id=1938#breadcrumb\"},\"inLanguage\":\"fr-FR\",\"potentialAction\":[{\"@type\":\"ReadAction\",\"target\":[\"https:\/\/festival-ismotscroises.fr\/?page_id=1938\"]}]},{\"@type\":\"ImageObject\",\"inLanguage\":\"fr-FR\",\"@id\":\"https:\/\/festival-ismotscroises.fr\/?page_id=1938#primaryimage\",\"url\":\"https:\/\/festival-ismotscroises.fr\/wp-content\/uploads\/2016\/05\/Le_BP_2016_05_26.jpg\",\"contentUrl\":\"https:\/\/festival-ismotscroises.fr\/wp-content\/uploads\/2016\/05\/Le_BP_2016_05_26.jpg\",\"width\":340,\"height\":484},{\"@type\":\"BreadcrumbList\",\"@id\":\"https:\/\/festival-ismotscroises.fr\/?page_id=1938#breadcrumb\",\"itemListElement\":[{\"@type\":\"ListItem\",\"position\":1,\"name\":\"Accueil\",\"item\":\"https:\/\/festival-ismotscroises.fr\/\"},{\"@type\":\"ListItem\",\"position\":2,\"name\":\"Dossier presse 2016\"}]},{\"@type\":\"WebSite\",\"@id\":\"https:\/\/festival-ismotscroises.fr\/#website\",\"url\":\"https:\/\/festival-ismotscroises.fr\/\",\"name\":\"Le Festival des mots crois\u00e9s \u00e0 Is-sur-Tille\",\"description\":\"La ville d&#039;Is-sur-Tille, en C\u00f4te-d&#039;Or, organise un festival annuel de mots crois\u00e9s depuis 1990..\",\"potentialAction\":[{\"@type\":\"SearchAction\",\"target\":{\"@type\":\"EntryPoint\",\"urlTemplate\":\"https:\/\/festival-ismotscroises.fr\/?s={search_term_string}\"},\"query-input\":\"required name=search_term_string\"}],\"inLanguage\":\"fr-FR\"}]}<\/script>\n<!-- \/ Yoast SEO plugin. -->","yoast_head_json":{"title":"Dossier presse 2016 - Le Festival des mots crois\u00e9s \u00e0 Is-sur-Tille","robots":{"index":"index","follow":"follow","max-snippet":"max-snippet:-1","max-image-preview":"max-image-preview:large","max-video-preview":"max-video-preview:-1"},"canonical":"https:\/\/festival-ismotscroises.fr\/?page_id=1938","og_locale":"fr_FR","og_type":"article","og_title":"Dossier presse 2016 - Le Festival des mots crois\u00e9s \u00e0 Is-sur-Tille","og_description":"Le Bien Public - 26 mai 2016 Le Point \u2013 11 ao\u00fbt 2016. Page 51, les tournois d'Is-sur-Tille Le Point Com n\u00b083, septembre 2016 Le Bien Public - 20 mai 2016 Agenda du Point Com \u2013 mai-ao\u00fbt 2016 Le Point Com n\u00b0 82, mai-ao\u00fbt 2016 Le Bien Public - 18 mars 2016","og_url":"https:\/\/festival-ismotscroises.fr\/?page_id=1938","og_site_name":"Le Festival des mots crois\u00e9s \u00e0 Is-sur-Tille","article_modified_time":"2016-09-17T15:30:00+00:00","og_image":[{"url":"http:\/\/festival-ismotscroises.fr\/wp-content\/uploads\/2016\/05\/Le_BP_2016_05_26-150x150.jpg"}],"twitter_card":"summary_large_image","schema":{"@context":"https:\/\/schema.org","@graph":[{"@type":"WebPage","@id":"https:\/\/festival-ismotscroises.fr\/?page_id=1938","url":"https:\/\/festival-ismotscroises.fr\/?page_id=1938","name":"Dossier presse 2016 - Le Festival des mots crois\u00e9s \u00e0 Is-sur-Tille","isPartOf":{"@id":"https:\/\/festival-ismotscroises.fr\/#website"},"primaryImageOfPage":{"@id":"https:\/\/festival-ismotscroises.fr\/?page_id=1938#primaryimage"},"image":{"@id":"https:\/\/festival-ismotscroises.fr\/?page_id=1938#primaryimage"},"thumbnailUrl":"http:\/\/festival-ismotscroises.fr\/wp-content\/uploads\/2016\/05\/Le_BP_2016_05_26-150x150.jpg","datePublished":"2016-03-16T10:10:29+00:00","dateModified":"2016-09-17T15:30:00+00:00","breadcrumb":{"@id":"https:\/\/festival-ismotscroises.fr\/?page_id=1938#breadcrumb"},"inLanguage":"fr-FR","potentialAction":[{"@type":"ReadAction","target":["https:\/\/festival-ismotscroises.fr\/?page_id=1938"]}]},{"@type":"ImageObject","inLanguage":"fr-FR","@id":"https:\/\/festival-ismotscroises.fr\/?page_id=1938#primaryimage","url":"https:\/\/festival-ismotscroises.fr\/wp-content\/uploads\/2016\/05\/Le_BP_2016_05_26.jpg","contentUrl":"https:\/\/festival-ismotscroises.fr\/wp-content\/uploads\/2016\/05\/Le_BP_2016_05_26.jpg","width":340,"height":484},{"@type":"BreadcrumbList","@id":"https:\/\/festival-ismotscroises.fr\/?page_id=1938#breadcrumb","itemListElement":[{"@type":"ListItem","position":1,"name":"Accueil","item":"https:\/\/festival-ismotscroises.fr\/"},{"@type":"ListItem","position":2,"name":"Dossier presse 2016"}]},{"@type":"WebSite","@id":"https:\/\/festival-ismotscroises.fr\/#website","url":"https:\/\/festival-ismotscroises.fr\/","name":"Le Festival des mots crois\u00e9s \u00e0 Is-sur-Tille","description":"La ville d&#039;Is-sur-Tille, en C\u00f4te-d&#039;Or, organise un festival annuel de mots crois\u00e9s depuis 1990..","potentialAction":[{"@type":"SearchAction","target":{"@type":"EntryPoint","urlTemplate":"https:\/\/festival-ismotscroises.fr\/?s={search_term_string}"},"query-input":"required name=search_term_string"}],"inLanguage":"fr-FR"}]}},"_links":{"self":[{"href":"https:\/\/festival-ismotscroises.fr\/index.php?rest_route=\/wp\/v2\/pages\/1938","targetHints":{"allow":["GET"]}}],"collection":[{"href":"https:\/\/festival-ismotscroises.fr\/index.php?rest_route=\/wp\/v2\/pages"}],"about":[{"href":"https:\/\/festival-ismotscroises.fr\/index.php?rest_route=\/wp\/v2\/types\/page"}],"author":[{"embeddable":true,"href":"https:\/\/festival-ismotscroises.fr\/index.php?rest_route=\/wp\/v2\/users\/2"}],"replies":[{"embeddable":true,"href":"https:\/\/festival-ismotscroises.fr\/index.php?rest_route=%2Fwp%2Fv2%2Fcomments&post=1938"}],"version-history":[{"count":34,"href":"https:\/\/festival-ismotscroises.fr\/index.php?rest_route=\/wp\/v2\/pages\/1938\/revisions"}],"predecessor-version":[{"id":2354,"href":"https:\/\/festival-ismotscroises.fr\/index.php?rest_route=\/wp\/v2\/pages\/1938\/revisions\/2354"}],"wp:attachment":[{"href":"https:\/\/festival-ismotscroises.fr\/index.php?rest_route=%2Fwp%2Fv2%2Fmedia&parent=1938"}],"curies":[{"name":"wp","href":"https:\/\/api.w.org\/{rel}","templated":true}]}}